Last updated on 2022-06-24 15:52:46 CEST.
Flavor | Version | Tinstall | Tcheck | Ttotal | Status | Flags |
---|---|---|---|---|---|---|
r-devel-linux-x86_64-debian-clang | 1.1.0 | 2.52 | 255.58 | 258.10 | OK | |
r-devel-linux-x86_64-debian-gcc | 1.1.0 | 2.52 | 174.08 | 176.60 | OK | |
r-devel-linux-x86_64-fedora-clang | 1.1.0 | 295.04 | NOTE | |||
r-devel-linux-x86_64-fedora-gcc | 1.1.0 | 295.98 | NOTE | |||
r-devel-windows-x86_64 | 1.1.0 | 14.00 | 269.00 | 283.00 | OK | |
r-patched-linux-x86_64 | 1.1.0 | 2.72 | 234.16 | 236.88 | OK | |
r-release-linux-x86_64 | 1.1.0 | 3.18 | 231.68 | 234.86 | OK | |
r-release-macos-arm64 | 1.1.0 | 77.00 | NOTE | |||
r-release-macos-x86_64 | 1.1.0 | 116.00 | NOTE | |||
r-release-windows-x86_64 | 1.1.0 | 22.00 | 258.00 | 280.00 | OK | |
r-oldrel-macos-arm64 | 1.1.0 | 96.00 | NOTE | |||
r-oldrel-macos-x86_64 | 1.1.0 | 89.00 | NOTE | |||
r-oldrel-windows-ix86+x86_64 | 1.1.0 | 8.00 | 302.00 | 310.00 | OK |
Version: 1.1.0
Check: dependencies in R code
Result: NOTE
Namespaces in Imports field not imported from:
‘devtools’ ‘mathjaxr’
All declared Imports should be used.
Flavors: r-devel-linux-x86_64-fedora-clang, r-devel-linux-x86_64-fedora-gcc, r-release-macos-arm64, r-release-macos-x86_64, r-oldrel-macos-arm64, r-oldrel-macos-x86_64