CRAN Package Check Results for Package SC.MEB

Last updated on 2022-01-23 02:56:24 CET.

Flavor Version Tinstall Tcheck Ttotal Status Flags
r-devel-linux-x86_64-debian-clang 1.1 45.61 130.85 176.46 OK
r-devel-linux-x86_64-debian-gcc 1.1 41.63 99.03 140.66 OK
r-devel-linux-x86_64-fedora-clang 1.1 240.42 NOTE
r-devel-linux-x86_64-fedora-gcc 1.1 217.56 NOTE
r-devel-windows-x86_64-new-UL 1.1 56.00 180.00 236.00 OK
r-devel-windows-x86_64-new-TK 1.1 NOTE
r-patched-linux-x86_64 1.1 45.78 122.22 168.00 OK
r-release-linux-x86_64 1.1 35.69 124.67 160.36 OK
r-release-macos-arm64 1.1 NOTE
r-release-macos-x86_64 1.1 NOTE
r-release-windows-ix86+x86_64 1.1 120.00 229.00 349.00 OK
r-oldrel-macos-x86_64 1.1 ERROR
r-oldrel-windows-ix86+x86_64 1.1 119.00 250.00 369.00 OK

Check Details

Version: 1.1
Check: dependencies in R code
Result: NOTE
    Namespace in Imports field not imported from: ‘BiocSingular’
     All declared Imports should be used.
Flavors: r-devel-linux-x86_64-fedora-clang, r-devel-linux-x86_64-fedora-gcc, r-devel-windows-x86_64-new-TK, r-release-macos-arm64, r-release-macos-x86_64

Version: 1.1
Check: package dependencies
Result: ERROR
    Package required but not available: ‘scran’
    
    See section ‘The DESCRIPTION file’ in the ‘Writing R Extensions’
    manual.
Flavor: r-oldrel-macos-x86_64