CRAN Package Check Results for Package SAM

Last updated on 2022-05-20 15:52:18 CEST.

Flavor Version Tinstall Tcheck Ttotal Status Flags
r-devel-linux-x86_64-debian-clang 1.1.3 83.01 56.57 139.58 OK
r-devel-linux-x86_64-debian-gcc 1.1.3 59.30 44.45 103.75 OK
r-devel-linux-x86_64-fedora-clang 1.1.3 191.54 NOTE
r-devel-linux-x86_64-fedora-gcc 1.1.3 171.22 OK
r-devel-windows-x86_64 1.1.3 53.00 94.00 147.00 OK
r-patched-linux-x86_64 1.1.3 69.98 56.09 126.07 OK
r-release-linux-x86_64 1.1.3 62.89 55.43 118.32 OK
r-release-macos-arm64 1.1.3 45.00 NOTE
r-release-macos-x86_64 1.1.3 63.00 NOTE
r-release-windows-x86_64 1.1.3 58.00 98.00 156.00 OK
r-oldrel-macos-arm64 1.1.3 58.00 NOTE
r-oldrel-macos-x86_64 1.1.3 60.00 NOTE
r-oldrel-windows-ix86+x86_64 1.1.3 153.00 117.00 270.00 OK

Check Details

Version: 1.1.3
Check: installed package size
Result: NOTE
     installed size is 19.4Mb
     sub-directories of 1Mb or more:
     libs 19.2Mb
Flavors: r-devel-linux-x86_64-fedora-clang, r-release-macos-arm64, r-release-macos-x86_64, r-oldrel-macos-arm64, r-oldrel-macos-x86_64