CRAN Package Check Results for Package RxODE

Last updated on 2021-09-23 03:51:14 CEST.

Flavor Version Tinstall Tcheck Ttotal Status Flags
r-devel-linux-x86_64-debian-clang 1.1.1 571.07 200.05 771.12 OK
r-devel-linux-x86_64-debian-gcc 1.1.1 428.72 137.35 566.07 OK
r-devel-linux-x86_64-fedora-clang 1.1.1 1034.16 NOTE
r-devel-linux-x86_64-fedora-gcc 1.1.1 1040.88 OK
r-devel-windows-x86_64 1.1.1 450.00 219.00 669.00 NOTE
r-devel-windows-x86_64-gcc10-UCRT 1.1.1 ERROR
r-patched-linux-x86_64 1.1.1 446.99 173.60 620.59 OK
r-patched-solaris-x86 1.1.1 870.40 NOTE
r-release-linux-x86_64 1.1.1 482.97 174.73 657.70 OK
r-release-macos-arm64 1.1.1 NOTE
r-release-macos-x86_64 1.1.1 NOTE
r-release-windows-ix86+x86_64 1.1.1 1147.00 456.00 1603.00 NOTE
r-oldrel-macos-x86_64 1.1.1 NOTE
r-oldrel-windows-ix86+x86_64 1.1.1 867.00 322.00 1189.00 NOTE

Check Details

Version: 1.1.1
Check: installed package size
Result: NOTE
     installed size is 48.6Mb
     sub-directories of 1Mb or more:
     libs 46.0Mb
Flavors: r-devel-linux-x86_64-fedora-clang, r-devel-windows-x86_64, r-patched-solaris-x86, r-release-macos-arm64, r-release-macos-x86_64, r-release-windows-ix86+x86_64, r-oldrel-macos-x86_64, r-oldrel-windows-ix86+x86_64

Version: 1.1.1
Check: package dependencies
Result: ERROR
    Packages required but not available: 'qs', 'StanHeaders'
    
    Packages suggested but not available for checking:
     'spelling', 'vdiffr', 'xgxr', 'units', 'devtools'
    
    See section 'The DESCRIPTION file' in the 'Writing R Extensions'
    manual.
Flavor: r-devel-windows-x86_64-gcc10-UCRT

Version: 1.1.1
Check: package dependencies
Result: NOTE
    Package suggested but not available for checking: ‘symengine’
Flavor: r-release-macos-arm64