CRAN Package Check Results for Package RsimMosaic

Last updated on 2025-01-25 03:50:06 CET.

Flavor Version Tinstall Tcheck Ttotal Status Flags
r-devel-linux-x86_64-debian-clang 1.0.3 2.22 28.29 30.51 NOTE
r-devel-linux-x86_64-debian-gcc 1.0.3 1.54 20.72 22.26 NOTE
r-devel-linux-x86_64-fedora-clang 1.0.3 50.90 OK
r-devel-linux-x86_64-fedora-gcc 1.0.3 49.54 OK
r-devel-windows-x86_64 1.0.3 6.00 51.00 57.00 NOTE
r-patched-linux-x86_64 1.0.3 4.99 27.00 31.99 OK
r-release-linux-x86_64 1.0.3 2.02 27.47 29.49 OK
r-release-macos-arm64 1.0.3 19.00 OK
r-release-macos-x86_64 1.0.3 29.00 OK
r-release-windows-x86_64 1.0.3 5.00 57.00 62.00 OK
r-oldrel-macos-arm64 1.0.3 21.00 OK
r-oldrel-macos-x86_64 1.0.3 33.00 OK
r-oldrel-windows-x86_64 1.0.3 4.00 59.00 63.00 OK

Check Details

Version: 1.0.3
Check: Rd cross-references
Result: NOTE Found the following Rd file(s) with Rd \link{} targets missing package anchors: bilinearInterpolator.Rd: interp.surface.grid computeStatisticalQuantitiesTile.Rd: readJPEG getCloseMatch.Rd: nn2 Please provide package anchors for all Rd \link{} targets not in the package itself and the base packages. Flavors: r-devel-linux-x86_64-debian-clang, r-devel-linux-x86_64-debian-gcc, r-devel-windows-x86_64