CRAN Package Check Results for Package RsSimulx

Last updated on 2021-10-22 15:53:20 CEST.

Flavor Version Tinstall Tcheck Ttotal Status Flags
r-devel-linux-x86_64-debian-clang 1.0.1 12.13 71.43 83.56 OK
r-devel-linux-x86_64-debian-gcc 1.0.1 8.52 52.62 61.14 OK
r-devel-linux-x86_64-fedora-clang 1.0.1 106.83 NOTE
r-devel-linux-x86_64-fedora-gcc 1.0.1 94.79 NOTE
r-devel-windows-x86_64 1.0.1 17.00 88.00 105.00 OK
r-devel-windows-x86_64-gcc10-UCRT 1.0.1 NOTE
r-patched-linux-x86_64 1.0.1 10.20 67.66 77.86 OK
r-patched-solaris-x86 1.0.1 123.90 NOTE
r-release-linux-x86_64 1.0.1 7.73 66.68 74.41 OK
r-release-macos-arm64 1.0.1 NOTE
r-release-macos-x86_64 1.0.1 NOTE
r-release-windows-ix86+x86_64 1.0.1 17.00 89.00 106.00 OK
r-oldrel-macos-x86_64 1.0.1 NOTE
r-oldrel-windows-ix86+x86_64 1.0.1 24.00 90.00 114.00 OK

Check Details

Version: 1.0.1
Check: dependencies in R code
Result: NOTE
    Namespace in Imports field not imported from: ‘gridExtra’
     All declared Imports should be used.
Flavors: r-devel-linux-x86_64-fedora-clang, r-devel-linux-x86_64-fedora-gcc, r-devel-windows-x86_64-gcc10-UCRT, r-patched-solaris-x86, r-release-macos-arm64, r-release-macos-x86_64, r-oldrel-macos-x86_64