CRAN Package Check Results for Package Rraven

Last updated on 2024-07-23 03:57:36 CEST.

Flavor Version Tinstall Tcheck Ttotal Status Flags
r-devel-linux-x86_64-debian-clang 1.0.13 2.81 42.79 45.60 ERROR
r-devel-linux-x86_64-debian-gcc 1.0.13 3.40 31.74 35.14 ERROR
r-devel-linux-x86_64-fedora-clang 1.0.13 62.55 ERROR
r-devel-linux-x86_64-fedora-gcc 1.0.13 67.20 ERROR
r-devel-windows-x86_64 1.0.13 6.00 63.00 69.00 NOTE
r-patched-linux-x86_64 1.0.13 11.15 46.03 57.18 OK
r-release-linux-x86_64 1.0.13 2.66 40.70 43.36 ERROR
r-release-macos-arm64 1.0.13 40.00 OK
r-release-macos-x86_64 1.0.13 68.00 OK
r-release-windows-x86_64 1.0.13 5.00 62.00 67.00 OK
r-oldrel-macos-arm64 1.0.13 31.00 OK
r-oldrel-macos-x86_64 1.0.13 42.00 OK
r-oldrel-windows-x86_64 1.0.13 6.00 62.00 68.00 ERROR

Check Details

Version: 1.0.13
Check: Rd cross-references
Result: WARN Missing link or links in Rd file 'exp_est.Rd': ‘[warbleR]{resample_est_waves}’ Missing link or links in Rd file 'extract_ts.Rd': ‘[warbleR]{dfDTW}’ See section 'Cross-references' in the 'Writing R Extensions' manual. Flavors: r-devel-linux-x86_64-debian-clang, r-devel-linux-x86_64-fedora-clang, r-devel-linux-x86_64-fedora-gcc, r-release-linux-x86_64

Version: 1.0.13
Check: re-building of vignette outputs
Result: ERROR Error(s) in re-building vignettes: ... --- re-building ‘Rraven.Rmd’ using rmarkdown Quitting from lines 569-588 [unnamed-chunk-36] (Rraven.Rmd) Error: processing vignette 'Rraven.Rmd' failed with diagnostics: could not find function "specan" --- failed re-building ‘Rraven.Rmd’ SUMMARY: processing the following file failed: ‘Rraven.Rmd’ Error: Vignette re-building failed. Execution halted Flavors: r-devel-linux-x86_64-debian-clang, r-devel-linux-x86_64-debian-gcc, r-release-linux-x86_64

Version: 1.0.13
Check: Rd cross-references
Result: WARN Missing link or links in Rd file 'exp_est.Rd': ‘[warbleR]{resample_est_waves}’ Missing link or links in Rd file 'extract_ts.Rd': ‘[warbleR]{dfDTW}’ See section 'Cross-references' in the 'Writing R Extensions' manual. Found the following Rd file(s) with Rd \link{} targets missing package anchors: exp_raven.Rd: warbleR match_wav_case.Rd: warbleR raven_batch_detec.Rd: warbleR relabel_colms.Rd: warbleR selection_files.Rd: warbleR Please provide package anchors for all Rd \link{} targets not in the package itself and the base packages. Flavor: r-devel-linux-x86_64-debian-gcc

Version: 1.0.13
Check: dependencies in R code
Result: NOTE Namespace in Imports field not imported from: ‘NatureSounds’ All declared Imports should be used. Flavors: r-devel-linux-x86_64-fedora-clang, r-devel-linux-x86_64-fedora-gcc

Version: 1.0.13
Check: re-building of vignette outputs
Result: ERROR Error(s) in re-building vignettes: --- re-building ‘Rraven.Rmd’ using rmarkdown Quitting from lines 569-588 [unnamed-chunk-36] (Rraven.Rmd) Error: processing vignette 'Rraven.Rmd' failed with diagnostics: could not find function "specan" --- failed re-building ‘Rraven.Rmd’ SUMMARY: processing the following file failed: ‘Rraven.Rmd’ Error: Vignette re-building failed. Execution halted Flavors: r-devel-linux-x86_64-fedora-clang, r-devel-linux-x86_64-fedora-gcc, r-oldrel-windows-x86_64

Version: 1.0.13
Check: Rd cross-references
Result: NOTE Found the following Rd file(s) with Rd \link{} targets missing package anchors: exp_raven.Rd: warbleR match_wav_case.Rd: warbleR raven_batch_detec.Rd: warbleR relabel_colms.Rd: warbleR selection_files.Rd: warbleR Please provide package anchors for all Rd \link{} targets not in the package itself and the base packages. Flavor: r-devel-windows-x86_64

Version: 1.0.13
Check: Rd cross-references
Result: WARN Missing link or links in documentation object 'exp_est.Rd': '[warbleR]{resample_est_waves}' Missing link or links in documentation object 'extract_ts.Rd': '[warbleR]{dfDTW}' See section 'Cross-references' in the 'Writing R Extensions' manual. Flavor: r-oldrel-windows-x86_64