CRAN Package Check Results for Package Rraven

Last updated on 2022-01-23 15:49:20 CET.

Flavor Version Tinstall Tcheck Ttotal Status Flags
r-devel-linux-x86_64-debian-clang 1.0.13 4.47 50.23 54.70 OK
r-devel-linux-x86_64-debian-gcc 1.0.13 3.62 41.94 45.56 OK
r-devel-linux-x86_64-fedora-clang 1.0.13 66.27 NOTE
r-devel-linux-x86_64-fedora-gcc 1.0.13 55.19 NOTE
r-devel-windows-x86_64-new-UL 1.0.13 27.00 84.00 111.00 OK
r-devel-windows-x86_64-new-TK 1.0.13 NOTE
r-patched-linux-x86_64 1.0.13 6.84 48.84 55.68 OK
r-release-linux-x86_64 1.0.13 4.35 47.95 52.30 OK
r-release-macos-arm64 1.0.13 NOTE
r-release-macos-x86_64 1.0.13 NOTE
r-release-windows-ix86+x86_64 1.0.13 11.00 69.00 80.00 OK
r-oldrel-macos-x86_64 1.0.13 NOTE
r-oldrel-windows-ix86+x86_64 1.0.13 10.00 68.00 78.00 OK

Check Details

Version: 1.0.13
Check: dependencies in R code
Result: NOTE
    Namespace in Imports field not imported from: ‘NatureSounds’
     All declared Imports should be used.
Flavors: r-devel-linux-x86_64-fedora-clang, r-devel-linux-x86_64-fedora-gcc, r-devel-windows-x86_64-new-TK, r-release-macos-arm64, r-release-macos-x86_64, r-oldrel-macos-x86_64