CRAN Package Check Results for Package RonFHIR

Last updated on 2021-08-05 15:52:59 CEST.

Flavor Version Tinstall Tcheck Ttotal Status Flags
r-devel-linux-x86_64-debian-clang 0.4.0 4.44 27.43 31.87 NOTE
r-devel-linux-x86_64-debian-gcc 0.4.0 3.93 21.59 25.52 NOTE
r-devel-linux-x86_64-fedora-clang 0.4.0 48.56 NOTE
r-devel-linux-x86_64-fedora-gcc 0.4.0 38.32 NOTE
r-devel-windows-x86_64 0.4.0 8.00 42.00 50.00 NOTE
r-devel-windows-x86_64-gcc10-UCRT 0.4.0 NOTE
r-patched-linux-x86_64 0.4.0 4.85 26.21 31.06 NOTE
r-patched-solaris-x86 0.4.0 58.40 NOTE
r-release-linux-x86_64 0.4.0 4.42 26.32 30.74 NOTE
r-release-macos-arm64 0.4.0 NOTE
r-release-macos-x86_64 0.4.0 NOTE
r-release-windows-ix86+x86_64 0.4.0 9.00 44.00 53.00 NOTE
r-oldrel-macos-x86_64 0.4.0 OK
r-oldrel-windows-ix86+x86_64 0.4.0 22.00 45.00 67.00 OK

Check Details

Version: 0.4.0
Check: LazyData
Result: NOTE
     'LazyData' is specified without a 'data' directory
Flavors: r-devel-linux-x86_64-debian-clang, r-devel-linux-x86_64-debian-gcc, r-devel-linux-x86_64-fedora-clang, r-devel-linux-x86_64-fedora-gcc, r-devel-windows-x86_64, r-devel-windows-x86_64-gcc10-UCRT, r-patched-linux-x86_64, r-patched-solaris-x86, r-release-linux-x86_64, r-release-macos-arm64, r-release-macos-x86_64, r-release-windows-ix86+x86_64

Version: 0.4.0
Check: package dependencies
Result: NOTE
    Package suggested but not available for checking: 'testthat'
Flavor: r-devel-windows-x86_64-gcc10-UCRT