CRAN Package Check Results for Package RobStatTM

Last updated on 2022-01-26 03:54:33 CET.

Flavor Version Tinstall Tcheck Ttotal Status Flags
r-devel-linux-x86_64-debian-clang 1.0.3 13.81 79.45 93.26 OK
r-devel-linux-x86_64-debian-gcc 1.0.3 12.05 59.92 71.97 OK
r-devel-linux-x86_64-fedora-clang 1.0.3 116.19 NOTE
r-devel-linux-x86_64-fedora-gcc 1.0.3 103.03 NOTE
r-devel-windows-x86_64-new-UL 1.0.3 162.00 105.00 267.00 OK
r-devel-windows-x86_64-new-TK 1.0.3 NOTE
r-patched-linux-x86_64 1.0.3 12.29 77.13 89.42 OK
r-release-linux-x86_64 1.0.3 12.91 77.22 90.13 OK
r-release-macos-arm64 1.0.3 NOTE
r-release-macos-x86_64 1.0.3 NOTE
r-release-windows-ix86+x86_64 1.0.3 29.00 113.00 142.00 OK
r-oldrel-macos-x86_64 1.0.3 NOTE
r-oldrel-windows-ix86+x86_64 1.0.3 28.00 112.00 140.00 OK

Check Details

Version: 1.0.3
Check: dependencies in R code
Result: NOTE
    Namespaces in Imports field not imported from:
     ‘graphics’ ‘methods’ ‘utils’
     All declared Imports should be used.
Flavors: r-devel-linux-x86_64-fedora-clang, r-devel-linux-x86_64-fedora-gcc, r-devel-windows-x86_64-new-TK, r-release-macos-arm64, r-release-macos-x86_64, r-oldrel-macos-x86_64