CRAN Package Check Results for Package RoBSA

Last updated on 2024-07-13 15:49:10 CEST.

Flavor Version Tinstall Tcheck Ttotal Status Flags
r-devel-linux-x86_64-debian-clang 1.0.2 28.57 121.31 149.88 OK
r-devel-linux-x86_64-debian-gcc 1.0.2 21.00 89.36 110.36 OK
r-devel-linux-x86_64-fedora-clang 1.0.2 208.08 NOTE
r-devel-linux-x86_64-fedora-gcc 1.0.2 214.82 OK
r-devel-windows-x86_64 1.0.2 41.00 146.00 187.00 OK
r-patched-linux-x86_64 1.0.2 24.73 113.20 137.93 OK
r-release-linux-x86_64 1.0.2 24.44 114.52 138.96 OK
r-release-macos-arm64 1.0.2 96.00 OK
r-release-macos-x86_64 1.0.2 139.00 OK
r-release-windows-x86_64 1.0.2 39.00 144.00 183.00 OK
r-oldrel-macos-arm64 1.0.2 79.00 OK
r-oldrel-macos-x86_64 1.0.2 172.00 OK
r-oldrel-windows-x86_64 1.0.2 47.00 172.00 219.00 OK

Check Details

Version: 1.0.2
Check: Rd cross-references
Result: NOTE Undeclared package ‘extraDistr’ in Rd xrefs Flavor: r-devel-linux-x86_64-fedora-clang