CRAN Package Check Results for Package RoBMA

Last updated on 2024-07-25 03:53:18 CEST.

Flavor Version Tinstall Tcheck Ttotal Status Flags
r-devel-linux-x86_64-debian-clang 3.1.0 54.31 174.76 229.07 OK
r-devel-linux-x86_64-debian-gcc 3.1.0 31.97 130.67 162.64 OK
r-devel-linux-x86_64-fedora-clang 3.1.0 348.17 NOTE
r-devel-linux-x86_64-fedora-gcc 3.1.0 435.62 OK
r-devel-windows-x86_64 3.1.0 59.00 301.00 360.00 OK
r-patched-linux-x86_64 3.1.0 44.02 170.64 214.66 NOTE
r-release-linux-x86_64 3.1.0 42.96 167.11 210.07 OK
r-release-macos-arm64 3.1.0 246.00 OK
r-release-macos-x86_64 3.1.0 388.00 OK
r-release-windows-x86_64 3.1.0 58.00 298.00 356.00 OK
r-oldrel-macos-arm64 3.1.0 225.00 OK
r-oldrel-macos-x86_64 3.1.0 497.00 OK
r-oldrel-windows-x86_64 3.1.0 70.00 336.00 406.00 OK

Check Details

Version: 3.1.0
Check: Rd cross-references
Result: NOTE Undeclared packages ‘bridgesampling’, ‘rstan’, ‘extraDistr’ in Rd xrefs Flavor: r-devel-linux-x86_64-fedora-clang

Version: 3.1.0
Check: package dependencies
Result: NOTE Package suggested but not available for checking: ‘metaBMA’ Flavor: r-patched-linux-x86_64