CRAN Package Check Results for Package Rglpk

Last updated on 2021-12-08 03:58:31 CET.

Flavor Version Tinstall Tcheck Ttotal Status Flags
r-devel-linux-x86_64-debian-clang 0.6-4 4.19 32.10 36.29 OK
r-devel-linux-x86_64-debian-gcc 0.6-4 2.88 25.56 28.44 OK
r-devel-linux-x86_64-fedora-clang 0.6-4 47.19 NOTE
r-devel-linux-x86_64-fedora-gcc 0.6-4 35.86 OK
r-devel-windows-x86_64-new-UL 0.6-4 12.00 67.00 79.00 OK
r-devel-windows-x86_64-new-TK 0.6-4 OK
r-devel-windows-x86_64-old 0.6-4 9.00 43.00 52.00 OK
r-patched-linux-x86_64 0.6-4 3.57 31.40 34.97 OK
r-release-linux-x86_64 0.6-4 3.59 31.06 34.65 OK
r-release-macos-arm64 0.6-4 NOTE
r-release-macos-x86_64 0.6-4 OK
r-release-windows-ix86+x86_64 0.6-4 1.00 8.00 9.00 ERROR
r-oldrel-macos-x86_64 0.6-4 NOTE
r-oldrel-windows-ix86+x86_64 0.6-4 14.00 54.00 68.00 OK

Check Details

Version: 0.6-4
Check: Rd cross-references
Result: NOTE
    Undeclared packages ‘lpSolve’, ‘ROI’, ‘Rsymphony’ in Rd xrefs
Flavor: r-devel-linux-x86_64-fedora-clang

Version: 0.6-4
Check: Rd cross-references
Result: NOTE
    Package unavailable to check Rd xrefs: ‘Rsymphony’
Flavors: r-release-macos-arm64, r-oldrel-macos-x86_64

Version: 0.6-4
Check: whether package can be installed
Result: ERROR
    Installation failed.
Flavor: r-release-windows-ix86+x86_64