CRAN Package Check Results for Package Rforestry

Last updated on 2024-06-14 03:57:33 CEST.

Flavor Version Tinstall Tcheck Ttotal Status Flags
r-devel-linux-x86_64-debian-clang 0.10.0 111.17 215.55 326.72 OK
r-devel-linux-x86_64-debian-gcc 0.10.0 74.55 68.88 143.43 ERROR
r-devel-linux-x86_64-fedora-clang 0.10.0 427.10 OK
r-devel-linux-x86_64-fedora-gcc 0.10.0 437.22 OK
r-devel-windows-x86_64 0.10.0 86.00 164.00 250.00 OK
r-patched-linux-x86_64 0.10.0 100.06 203.61 303.67 OK
r-release-linux-x86_64 0.10.0 95.05 204.35 299.40 OK
r-release-macos-arm64 0.10.0 95.00 NOTE
r-release-macos-x86_64 0.10.0 125.00 ERROR
r-release-windows-x86_64 0.10.0 88.00 167.00 255.00 OK
r-oldrel-macos-arm64 0.10.0 112.00 NOTE
r-oldrel-macos-x86_64 0.10.0 147.00 ERROR
r-oldrel-windows-x86_64 0.10.0 103.00 203.00 306.00 OK

Check Details

Version: 0.10.0
Check: package dependencies
Result: NOTE Package suggested but not available for checking: ‘testthat’ Flavor: r-devel-linux-x86_64-debian-gcc

Version: 0.10.0
Check: tests
Result: ERROR Running ‘testthat.R’ [0s/1s] Running the tests in ‘tests/testthat.R’ failed. Complete output: > library(testthat) Error in library(testthat) : there is no package called 'testthat' Execution halted Flavor: r-devel-linux-x86_64-debian-gcc

Version: 0.10.0
Check: installed package size
Result: NOTE installed size is 7.3Mb sub-directories of 1Mb or more: libs 7.1Mb Flavors: r-release-macos-arm64, r-release-macos-x86_64, r-oldrel-macos-arm64, r-oldrel-macos-x86_64

Version: 0.10.0
Check: tests
Result: ERROR Running ‘testthat.R’ [68s/48s] Running the tests in ‘tests/testthat.R’ failed. Last 13 lines of output: ▆ 1. ├─testthat::expect_error(...) at test-forestry.R:48:3 2. │ └─testthat:::quasi_capture(...) 3. │ ├─testthat (local) .capture(...) 4. │ │ └─base::withCallingHandlers(...) 5. │ └─rlang::eval_bare(quo_get_expr(.quo), quo_get_env(.quo)) 6. └─Rforestry::forestry(x = iris[, -1], y = iris[, 1], seed = seed_i) 7. └─base::tryCatch(...) 8. └─base (local) tryCatchList(expr, classes, parentenv, handlers) 9. └─base (local) tryCatchOne(expr, names, parentenv, handlers[[1L]]) 10. └─value[[3L]](cond) [ FAIL 1 | WARN 0 | SKIP 0 | PASS 1422 ] Error: Test failures Execution halted Flavor: r-release-macos-x86_64

Version: 0.10.0
Check: tests
Result: ERROR Running ‘testthat.R’ [64s/56s] Running the tests in ‘tests/testthat.R’ failed. Last 13 lines of output: ▆ 1. ├─testthat::expect_error(...) at test-forestry.R:48:2 2. │ └─testthat:::quasi_capture(...) 3. │ ├─testthat (local) .capture(...) 4. │ │ └─base::withCallingHandlers(...) 5. │ └─rlang::eval_bare(quo_get_expr(.quo), quo_get_env(.quo)) 6. └─Rforestry::forestry(x = iris[, -1], y = iris[, 1], seed = seed_i) 7. └─base::tryCatch(...) 8. └─base (local) tryCatchList(expr, classes, parentenv, handlers) 9. └─base (local) tryCatchOne(expr, names, parentenv, handlers[[1L]]) 10. └─value[[3L]](cond) [ FAIL 1 | WARN 0 | SKIP 0 | PASS 1422 ] Error: Test failures Execution halted Flavor: r-oldrel-macos-x86_64