Last updated on 2023-03-26 15:52:43 CEST.
Flavor | Version | Tinstall | Tcheck | Ttotal | Status | Flags |
---|---|---|---|---|---|---|
r-devel-linux-x86_64-debian-clang | 0.9.0.152 | 137.04 | 387.08 | 524.12 | NOTE | |
r-devel-linux-x86_64-debian-gcc | 0.10.0 | 87.04 | 167.03 | 254.07 | OK | |
r-devel-linux-x86_64-fedora-gcc | 0.10.0 | 433.69 | OK | |||
r-devel-windows-x86_64 | 0.9.0.152 | 145.00 | 286.00 | 431.00 | NOTE | |
r-patched-linux-x86_64 | 0.10.0 | 88.62 | 211.98 | 300.60 | OK | |
r-release-linux-x86_64 | 0.9.0.152 | 107.69 | 362.88 | 470.57 | OK | |
r-release-macos-arm64 | 0.10.0 | 84.00 | NOTE | |||
r-release-macos-x86_64 | 0.10.0 | 147.00 | NOTE | |||
r-release-windows-x86_64 | 0.10.0 | 83.00 | 256.00 | 339.00 | OK | |
r-oldrel-macos-arm64 | 0.10.0 | 85.00 | NOTE | |||
r-oldrel-macos-x86_64 | 0.10.0 | 143.00 | NOTE | |||
r-oldrel-windows-ix86+x86_64 | 0.9.0.152 | 138.00 | 30.00 | 168.00 | ERROR |
Version: 0.9.0.152
Check: C++ specification
Result: NOTE
Specified C++11: please drop specification unless essential
Flavors: r-devel-linux-x86_64-debian-clang, r-devel-windows-x86_64
Version: 0.10.0
Check: installed package size
Result: NOTE
installed size is 7.5Mb
sub-directories of 1Mb or more:
libs 7.3Mb
Flavors: r-release-macos-arm64, r-release-macos-x86_64, r-oldrel-macos-arm64, r-oldrel-macos-x86_64
Version: 0.9.0.152
Check: whether package can be installed
Result: ERROR
Installation failed.
Flavor: r-oldrel-windows-ix86+x86_64