CRAN Package Check Results for Package Rfolding

Last updated on 2021-12-04 03:52:39 CET.

Flavor Version Tinstall Tcheck Ttotal Status Flags
r-devel-linux-x86_64-debian-clang 1.0 1.72 22.88 24.60 NOTE
r-devel-linux-x86_64-debian-gcc 1.0 1.61 18.32 19.93 NOTE
r-devel-linux-x86_64-fedora-clang 1.0 44.02 NOTE
r-devel-linux-x86_64-fedora-gcc 1.0 31.79 NOTE
r-devel-windows-x86_64-new-UL 1.0 7.00 61.00 68.00 NOTE
r-devel-windows-x86_64-new-TK 1.0 NOTE
r-devel-windows-x86_64-old 1.0 4.00 33.00 37.00 NOTE
r-patched-linux-x86_64 1.0 1.82 21.77 23.59 NOTE
r-release-linux-x86_64 1.0 1.81 21.78 23.59 NOTE
r-release-macos-arm64 1.0 NOTE
r-release-macos-x86_64 1.0 NOTE
r-release-windows-ix86+x86_64 1.0 5.00 40.00 45.00 NOTE
r-oldrel-macos-x86_64 1.0 OK
r-oldrel-windows-ix86+x86_64 1.0 6.00 41.00 47.00 OK

Check Details

Version: 1.0
Check: LazyData
Result: NOTE
     'LazyData' is specified without a 'data' directory
Flavors: r-devel-linux-x86_64-debian-clang, r-devel-linux-x86_64-debian-gcc, r-devel-linux-x86_64-fedora-clang, r-devel-linux-x86_64-fedora-gcc, r-devel-windows-x86_64-new-UL, r-devel-windows-x86_64-new-TK, r-devel-windows-x86_64-old, r-patched-linux-x86_64, r-release-linux-x86_64, r-release-macos-arm64, r-release-macos-x86_64, r-release-windows-ix86+x86_64