CRAN Package Check Results for Package RefManageR

Last updated on 2022-01-21 03:56:09 CET.

Flavor Version Tinstall Tcheck Ttotal Status Flags
r-devel-linux-x86_64-debian-clang 1.3.0 NOTE
r-devel-linux-x86_64-debian-gcc 1.3.0 10.43 109.08 119.51 NOTE
r-devel-linux-x86_64-fedora-clang 1.3.0 187.92 NOTE
r-devel-linux-x86_64-fedora-gcc 1.3.0 176.59 OK
r-devel-windows-x86_64-new-UL 1.3.0 133.00 205.00 338.00 OK
r-devel-windows-x86_64-new-TK 1.3.0 OK
r-patched-linux-x86_64 1.3.0 12.02 141.52 153.54 NOTE
r-release-linux-x86_64 1.3.0 7.74 143.67 151.41 NOTE
r-release-macos-arm64 1.3.0 OK
r-release-macos-x86_64 1.3.0 OK
r-release-windows-ix86+x86_64 1.3.0 22.00 178.00 200.00 OK
r-oldrel-macos-x86_64 1.3.0 OK
r-oldrel-windows-ix86+x86_64 1.3.0 23.00 176.00 199.00 OK

Check Details

Version: 1.3.0
Check: package dependencies
Result: NOTE
    Suggests orphaned package: 'bibtex'
Flavors: r-devel-linux-x86_64-debian-clang, r-devel-linux-x86_64-debian-gcc, r-devel-linux-x86_64-fedora-clang, r-patched-linux-x86_64, r-release-linux-x86_64