CRAN Package Check Results for Package Rediscover

Last updated on 2022-01-28 15:53:23 CET.

Flavor Version Tinstall Tcheck Ttotal Status Flags
r-devel-linux-x86_64-debian-clang 0.3.0 16.06 195.53 211.59 OK
r-devel-linux-x86_64-debian-gcc 0.3.0 15.10 149.56 164.66 OK
r-devel-linux-x86_64-fedora-clang 0.3.0 255.67 OK
r-devel-linux-x86_64-fedora-gcc 0.3.0 238.86 OK
r-devel-windows-x86_64-new-UL 0.3.0 76.00 234.00 310.00 OK
r-devel-windows-x86_64-new-TK 0.3.0 OK
r-patched-linux-x86_64 0.3.0 14.91 174.83 189.74 OK
r-release-linux-x86_64 0.3.0 14.41 186.78 201.19 OK
r-release-macos-arm64 0.3.0 OK
r-release-macos-x86_64 0.3.0 OK
r-release-windows-ix86+x86_64 0.3.0 33.00 247.00 280.00 OK
r-oldrel-macos-x86_64 0.3.0 ERROR
r-oldrel-windows-ix86+x86_64 0.3.0 32.00 253.00 285.00 OK

Check Details

Version: 0.3.0
Check: package dependencies
Result: ERROR
    Package required but not available: ‘maftools’
    
    Package suggested but not available for checking: ‘TCGAbiolinks’
    
    See section ‘The DESCRIPTION file’ in the ‘Writing R Extensions’
    manual.
Flavor: r-oldrel-macos-x86_64