Last updated on 2022-05-17 15:53:26 CEST.
Flavor | Version | Tinstall | Tcheck | Ttotal | Status | Flags |
---|---|---|---|---|---|---|
r-devel-linux-x86_64-debian-clang | 1.0.10 | 68.39 | 207.23 | 275.62 | OK | |
r-devel-linux-x86_64-debian-gcc | 1.0.10 | 55.79 | 151.35 | 207.14 | OK | |
r-devel-linux-x86_64-fedora-clang | 1.0.10 | 340.30 | OK | |||
r-devel-linux-x86_64-fedora-gcc | 1.0.10 | 338.67 | OK | |||
r-devel-windows-x86_64 | 1.0.10 | 115.00 | 278.00 | 393.00 | OK | |
r-patched-linux-x86_64 | 1.0.10 | 61.33 | 191.91 | 253.24 | OK | |
r-release-linux-x86_64 | 1.0.10 | 64.44 | 193.88 | 258.32 | OK | |
r-release-macos-arm64 | 1.0.10 | 86.00 | NOTE | |||
r-release-macos-x86_64 | 1.0.10 | 118.00 | OK | |||
r-release-windows-x86_64 | 1.0.10 | 132.00 | 263.00 | 395.00 | OK | |
r-oldrel-macos-arm64 | 1.0.10 | 103.00 | NOTE | |||
r-oldrel-macos-x86_64 | 1.0.10 | 169.00 | OK | |||
r-oldrel-windows-ix86+x86_64 | 1.0.10 | 159.00 | 358.00 | 517.00 | OK |
Version: 1.0.10
Check: package dependencies
Result: NOTE
Packages suggested but not available for checking: 'interval', 'Icens'
Flavors: r-release-macos-arm64, r-oldrel-macos-arm64
Version: 1.0.10
Check: Rd cross-references
Result: NOTE
Package unavailable to check Rd xrefs: ‘interval’
Flavors: r-release-macos-arm64, r-oldrel-macos-arm64