Last updated on 2025-04-30 03:51:03 CEST.
Flavor | Version | Tinstall | Tcheck | Ttotal | Status | Flags |
---|---|---|---|---|---|---|
r-devel-linux-x86_64-debian-clang | 2.6.4 | 6.10 | 67.75 | 73.85 | OK | |
r-devel-linux-x86_64-debian-gcc | 2.6.4 | 3.65 | 48.02 | 51.67 | OK | |
r-devel-linux-x86_64-fedora-clang | 2.6.4 | 111.28 | OK | |||
r-devel-linux-x86_64-fedora-gcc | 2.6.4 | 121.57 | OK | |||
r-devel-windows-x86_64 | 2.6.4 | 9.00 | 116.00 | 125.00 | OK | |
r-patched-linux-x86_64 | 2.6.4 | 6.86 | 63.31 | 70.17 | OK | |
r-release-linux-x86_64 | 2.6.4 | 6.23 | 63.81 | 70.04 | OK | |
r-release-macos-arm64 | 2.6.4 | 71.00 | OK | |||
r-release-macos-x86_64 | 2.6.4 | 112.00 | OK | |||
r-release-windows-x86_64 | 2.6.4 | 9.00 | 119.00 | 128.00 | NOTE | |
r-oldrel-macos-arm64 | 2.6.4 | 64.00 | OK | |||
r-oldrel-macos-x86_64 | 2.6.4 | 123.00 | OK | |||
r-oldrel-windows-x86_64 | 2.6.4 | 10.00 | 129.00 | 139.00 | OK |
Version: 2.6.4
Check: package subdirectories
Result: NOTE
Found the following CITATION file in a non-standard place:
Rdpack/inst/CITATION
Most likely 'inst/CITATION' should be used instead.
Flavor: r-release-windows-x86_64