CRAN Package Check Results for Package Rdimtools

Last updated on 2022-01-26 03:54:32 CET.

Flavor Version Tinstall Tcheck Ttotal Status Flags
r-devel-linux-x86_64-debian-clang 1.0.8 289.26 248.37 537.63 OK
r-devel-linux-x86_64-debian-gcc 1.0.8 212.25 188.68 400.93 OK
r-devel-linux-x86_64-fedora-clang 1.0.8 721.56 NOTE
r-devel-linux-x86_64-fedora-gcc 1.0.8 674.36 OK
r-devel-windows-x86_64-new-UL 1.0.8 480.00 362.00 842.00 NOTE
r-devel-windows-x86_64-new-TK 1.0.8 OK
r-patched-linux-x86_64 1.0.8 240.94 229.08 470.02 OK
r-release-linux-x86_64 1.0.8 247.74 228.38 476.12 OK
r-release-macos-arm64 1.0.8 NOTE
r-release-macos-x86_64 1.0.8 NOTE
r-release-windows-ix86+x86_64 1.0.8 621.00 402.00 1023.00 NOTE
r-oldrel-macos-x86_64 1.0.8 NOTE
r-oldrel-windows-ix86+x86_64 1.0.8 622.00 409.00 1031.00 NOTE

Check Details

Version: 1.0.8
Check: installed package size
Result: NOTE
     installed size is 21.4Mb
     sub-directories of 1Mb or more:
     data 1.9Mb
     libs 17.8Mb
Flavors: r-devel-linux-x86_64-fedora-clang, r-devel-windows-x86_64-new-UL, r-release-macos-arm64, r-release-macos-x86_64, r-release-windows-ix86+x86_64, r-oldrel-macos-x86_64, r-oldrel-windows-ix86+x86_64

Version: 1.0.8
Check: Rd cross-references
Result: NOTE
    Undeclared package ‘Rtsne’ in Rd xrefs
Flavor: r-devel-linux-x86_64-fedora-clang