CRAN Package Check Results for Package Rcrawler

Last updated on 2022-01-20 03:55:39 CET.

Flavor Version Tinstall Tcheck Ttotal Status Flags
r-devel-linux-x86_64-debian-clang 0.1.9-1 NOTE
r-devel-linux-x86_64-debian-gcc 0.1.9-1 5.18 39.52 44.70 NOTE
r-devel-linux-x86_64-fedora-clang 0.1.9-1 69.99 NOTE
r-devel-linux-x86_64-fedora-gcc 0.1.9-1 57.68 NOTE
r-devel-windows-x86_64-new-UL 0.1.9-1 42.00 70.00 112.00 NOTE
r-devel-windows-x86_64-new-TK 0.1.9-1 NOTE
r-patched-linux-x86_64 0.1.9-1 6.29 49.61 55.90 NOTE
r-release-linux-x86_64 0.1.9-1 NOTE
r-release-macos-arm64 0.1.9-1 NOTE
r-release-macos-x86_64 0.1.9-1 NOTE
r-release-windows-ix86+x86_64 0.1.9-1 13.00 58.00 71.00 NOTE
r-oldrel-macos-x86_64 0.1.9-1 OK
r-oldrel-windows-ix86+x86_64 0.1.9-1 14.00 57.00 71.00 OK

Check Details

Version: 0.1.9-1
Check: LazyData
Result: NOTE
     'LazyData' is specified without a 'data' directory
Flavors: r-devel-linux-x86_64-debian-clang, r-devel-linux-x86_64-debian-gcc, r-devel-linux-x86_64-fedora-clang, r-devel-linux-x86_64-fedora-gcc, r-devel-windows-x86_64-new-UL, r-devel-windows-x86_64-new-TK, r-patched-linux-x86_64, r-release-linux-x86_64, r-release-macos-arm64, r-release-macos-x86_64, r-release-windows-ix86+x86_64