CRAN Package Check Results for Package RcppXPtrUtils

Last updated on 2021-12-03 03:55:43 CET.

Flavor Version Tinstall Tcheck Ttotal Status Flags
r-devel-linux-x86_64-debian-clang 0.1.1 2.00 41.89 43.89 OK
r-devel-linux-x86_64-debian-gcc 0.1.1 1.43 29.41 30.84 OK
r-devel-linux-x86_64-fedora-clang 0.1.1 70.71 NOTE
r-devel-linux-x86_64-fedora-gcc 0.1.1 51.94 OK
r-devel-windows-x86_64-new-UL 0.1.1 8.00 87.00 95.00 OK
r-devel-windows-x86_64-new-TK 0.1.1 OK
r-devel-windows-x86_64-old 0.1.1 5.00 49.00 54.00 OK
r-patched-linux-x86_64 0.1.1 2.28 37.35 39.63 OK
r-patched-solaris-x86 0.1.1 89.40 OK
r-release-linux-x86_64 0.1.1 1.91 37.03 38.94 OK
r-release-macos-arm64 0.1.1 OK
r-release-macos-x86_64 0.1.1 OK
r-release-windows-ix86+x86_64 0.1.1 5.00 63.00 68.00 OK
r-oldrel-macos-x86_64 0.1.1 OK
r-oldrel-windows-ix86+x86_64 0.1.1 20.00 61.00 81.00 OK

Check Details

Version: 0.1.1
Check: Rd cross-references
Result: NOTE
    Undeclared package ‘inline’ in Rd xrefs
Flavor: r-devel-linux-x86_64-fedora-clang