CRAN Package Check Results for Package RcppNumerical

Last updated on 2022-01-16 02:49:39 CET.

Flavor Version Tinstall Tcheck Ttotal Status Flags
r-devel-linux-x86_64-debian-clang 0.4-0 37.13 154.53 191.66 NOTE
r-devel-linux-x86_64-debian-gcc 0.4-0 30.71 128.04 158.75 NOTE
r-devel-linux-x86_64-fedora-clang 0.4-0 249.30 NOTE
r-devel-linux-x86_64-fedora-gcc 0.4-0 243.18 NOTE
r-devel-windows-x86_64-new-UL 0.4-0 70.00 214.00 284.00 NOTE
r-devel-windows-x86_64-new-TK 0.4-0 NOTE
r-patched-linux-x86_64 0.4-0 34.22 153.67 187.89 NOTE
r-release-linux-x86_64 0.4-0 34.31 151.56 185.87 NOTE
r-release-macos-arm64 0.4-0 NOTE
r-release-macos-x86_64 0.4-0 NOTE
r-release-windows-ix86+x86_64 0.4-0 98.00 209.00 307.00 NOTE
r-oldrel-macos-x86_64 0.4-0 NOTE
r-oldrel-windows-ix86+x86_64 0.4-0 96.00 206.00 302.00 OK

Check Details

Version: 0.4-0
Check: LazyData
Result: NOTE
     'LazyData' is specified without a 'data' directory
Flavors: r-devel-linux-x86_64-debian-clang, r-devel-linux-x86_64-debian-gcc, r-devel-linux-x86_64-fedora-clang, r-devel-linux-x86_64-fedora-gcc, r-devel-windows-x86_64-new-UL, r-devel-windows-x86_64-new-TK, r-patched-linux-x86_64, r-release-linux-x86_64, r-release-macos-arm64, r-release-macos-x86_64, r-release-windows-ix86+x86_64

Version: 0.4-0
Check: installed package size
Result: NOTE
     installed size is 6.1Mb
     sub-directories of 1Mb or more:
     libs 5.7Mb
Flavors: r-release-macos-arm64, r-release-macos-x86_64, r-oldrel-macos-x86_64