Last updated on 2023-02-04 16:55:58 CET.
Flavor | Version | Tinstall | Tcheck | Ttotal | Status | Flags |
---|---|---|---|---|---|---|
r-devel-linux-x86_64-debian-clang | 0.3.7 | 53.60 | 80.85 | 134.45 | NOTE | |
r-devel-linux-x86_64-debian-gcc | 0.3.7 | 37.67 | 62.92 | 100.59 | NOTE | |
r-devel-linux-x86_64-fedora-clang | 0.3.7 | 170.59 | NOTE | |||
r-devel-linux-x86_64-fedora-gcc | 0.3.7 | 185.67 | NOTE | |||
r-devel-windows-x86_64 | 0.3.7 | 57.00 | 130.00 | 187.00 | NOTE | |
r-patched-linux-x86_64 | 0.3.7 | 41.19 | 77.66 | 118.85 | OK | |
r-release-linux-x86_64 | 0.3.7 | 45.53 | 79.81 | 125.34 | OK | |
r-release-macos-arm64 | 0.3.7 | 46.00 | NOTE | |||
r-release-macos-x86_64 | 0.3.7 | 64.00 | NOTE | |||
r-release-windows-x86_64 | 0.3.7 | 46.00 | 141.00 | 187.00 | OK | |
r-oldrel-macos-arm64 | 0.3.7 | 43.00 | NOTE | |||
r-oldrel-macos-x86_64 | 0.3.7 | 61.00 | NOTE | |||
r-oldrel-windows-ix86+x86_64 | 0.3.7 | 106.00 | 155.00 | 261.00 | OK |
Version: 0.3.7
Check: C++ specification
Result: NOTE
Specified C++11: please update to current default of C++17
Flavors: r-devel-linux-x86_64-debian-clang, r-devel-linux-x86_64-debian-gcc, r-devel-linux-x86_64-fedora-clang, r-devel-linux-x86_64-fedora-gcc, r-devel-windows-x86_64
Version: 0.3.7
Check: installed package size
Result: NOTE
installed size is 8.2Mb
sub-directories of 1Mb or more:
libs 8.0Mb
Flavors: r-release-macos-arm64, r-release-macos-x86_64, r-oldrel-macos-arm64, r-oldrel-macos-x86_64