CRAN Package Check Results for Package RcppAlgos

Last updated on 2021-12-07 16:49:45 CET.

Flavor Version Tinstall Tcheck Ttotal Status Flags
r-devel-linux-x86_64-debian-clang 2.4.3 385.21 106.73 491.94 OK
r-devel-linux-x86_64-debian-gcc 2.4.3 271.53 83.03 354.56 OK
r-devel-linux-x86_64-fedora-clang 2.4.3 779.69 NOTE
r-devel-linux-x86_64-fedora-gcc 2.4.3 676.68 OK
r-devel-windows-x86_64-new-UL 2.4.3 473.00 203.00 676.00 OK
r-devel-windows-x86_64-new-TK 2.4.3 OK
r-devel-windows-x86_64-old 2.4.3 474.00 164.00 638.00 OK
r-patched-linux-x86_64 2.4.3 337.92 108.06 445.98 OK
r-release-linux-x86_64 2.4.3 333.92 106.87 440.79 OK
r-release-macos-arm64 2.4.3 NOTE
r-release-macos-x86_64 2.4.3 NOTE
r-release-windows-ix86+x86_64 2.4.3 693.00 228.00 921.00 NOTE
r-oldrel-macos-x86_64 2.4.3 NOTE
r-oldrel-windows-ix86+x86_64 2.4.3 943.00 230.00 1173.00 NOTE

Check Details

Version: 2.4.3
Check: installed package size
Result: NOTE
     installed size is 21.7Mb
     sub-directories of 1Mb or more:
     libs 20.3Mb
Flavors: r-devel-linux-x86_64-fedora-clang, r-release-macos-arm64, r-release-macos-x86_64, r-release-windows-ix86+x86_64, r-oldrel-macos-x86_64, r-oldrel-windows-ix86+x86_64