CRAN Package Check Results for Package RcppAlgos

Last updated on 2022-09-30 04:59:18 CEST.

Flavor Version Tinstall Tcheck Ttotal Status Flags
r-devel-linux-x86_64-debian-clang 2.6.0 212.55 170.50 383.05 OK
r-devel-linux-x86_64-debian-gcc 2.6.0 156.02 134.36 290.38 OK
r-devel-linux-x86_64-fedora-clang 2.6.0 556.25 OK
r-devel-linux-x86_64-fedora-gcc 2.6.0 478.76 OK
r-devel-windows-x86_64 2.6.0 296.00 288.00 584.00 OK
r-patched-linux-x86_64 2.6.0 167.39 167.37 334.76 OK
r-release-linux-x86_64 2.6.0 167.87 167.56 335.43 OK
r-release-macos-arm64 2.6.0 132.00 NOTE
r-release-macos-x86_64 2.6.0 202.00 NOTE
r-release-windows-x86_64 2.6.0 292.00 315.00 607.00 OK
r-oldrel-macos-arm64 2.6.0 129.00 NOTE
r-oldrel-macos-x86_64 2.6.0 214.00 NOTE
r-oldrel-windows-ix86+x86_64 2.6.0 497.00 409.00 906.00 NOTE

Check Details

Version: 2.6.0
Check: installed package size
Result: NOTE
     installed size is 17.0Mb
     sub-directories of 1Mb or more:
     libs 15.2Mb
Flavors: r-release-macos-arm64, r-release-macos-x86_64, r-oldrel-macos-arm64, r-oldrel-macos-x86_64, r-oldrel-windows-ix86+x86_64