CRAN Package Check Results for Package RcmdrPlugin.TeachingDemos

Last updated on 2022-01-26 15:53:01 CET.

Flavor Version Tinstall Tcheck Ttotal Status Flags
r-devel-linux-x86_64-debian-clang 1.2-0 21.54 158.28 179.82 OK
r-devel-linux-x86_64-debian-gcc 1.2-0 17.21 119.13 136.34 OK
r-devel-linux-x86_64-fedora-clang 1.2-0 183.55 OK
r-devel-linux-x86_64-fedora-gcc 1.2-0 215.13 OK
r-devel-windows-x86_64-new-UL 1.2-0 110.00 203.00 313.00 OK
r-devel-windows-x86_64-new-TK 1.2-0 ERROR
r-patched-linux-x86_64 1.2-0 15.86 122.93 138.79 OK
r-release-linux-x86_64 1.2-0 16.02 123.38 139.40 OK
r-release-macos-arm64 1.2-0 OK
r-release-macos-x86_64 1.2-0 OK
r-release-windows-ix86+x86_64 1.2-0 35.00 139.00 174.00 OK
r-oldrel-macos-x86_64 1.2-0 OK
r-oldrel-windows-ix86+x86_64 1.2-0 36.00 142.00 178.00 OK

Check Details

Version: 1.2-0
Check: package dependencies
Result: ERROR
    Package required but not available: 'Rcmdr'
    
    See section 'The DESCRIPTION file' in the 'Writing R Extensions'
    manual.
Flavor: r-devel-windows-x86_64-new-TK