CRAN Package Check Results for Package RcmdrPlugin.TeachStat

Last updated on 2022-01-20 03:55:39 CET.

Flavor Version Tinstall Tcheck Ttotal Status Flags
r-devel-linux-x86_64-debian-clang 1.1.0 OK
r-devel-linux-x86_64-debian-gcc 1.1.0 26.81 141.53 168.34 OK
r-devel-linux-x86_64-fedora-clang 1.1.0 283.11 NOTE
r-devel-linux-x86_64-fedora-gcc 1.1.0 269.19 OK
r-devel-windows-x86_64-new-UL 1.1.0 406.00 208.00 614.00 OK
r-devel-windows-x86_64-new-TK 1.1.0 OK
r-patched-linux-x86_64 1.1.0 39.57 182.91 222.48 OK
r-release-linux-x86_64 1.1.0 OK
r-release-macos-arm64 1.1.0 OK
r-release-macos-x86_64 1.1.0 OK
r-release-windows-ix86+x86_64 1.1.0 45.00 191.00 236.00 OK
r-oldrel-macos-x86_64 1.1.0 OK
r-oldrel-windows-ix86+x86_64 1.1.0 54.00 184.00 238.00 OK

Check Details

Version: 1.1.0
Check: Rd cross-references
Result: NOTE
    Undeclared packages ‘e1071’, ‘RcmdrMisc’ in Rd xrefs
Flavor: r-devel-linux-x86_64-fedora-clang