CRAN Package Check Results for Package RcmdrPlugin.RiskDemo

Last updated on 2021-10-26 15:51:23 CEST.

Flavor Version Tinstall Tcheck Ttotal Status Flags
r-devel-linux-x86_64-debian-clang 3.0 28.91 209.12 238.03 OK
r-devel-linux-x86_64-debian-gcc 3.0 23.23 158.14 181.37 OK
r-devel-linux-x86_64-fedora-clang 3.0 308.52 OK
r-devel-linux-x86_64-fedora-gcc 3.0 296.06 OK
r-devel-windows-x86_64 3.0 40.00 235.00 275.00 OK
r-devel-windows-x86_64-gcc10-UCRT 3.0 OK
r-patched-linux-x86_64 3.0 28.37 201.36 229.73 OK
r-patched-solaris-x86 3.0 461.70 NOTE
r-release-linux-x86_64 3.0 27.11 199.01 226.12 OK
r-release-macos-arm64 3.0 OK
r-release-macos-x86_64 3.0 OK
r-release-windows-ix86+x86_64 3.0 39.00 231.00 270.00 OK
r-oldrel-macos-x86_64 3.0 OK
r-oldrel-windows-ix86+x86_64 3.0 64.00 245.00 309.00 OK

Check Details

Version: 3.0
Check: installed package size
Result: NOTE
     installed size is 5.0Mb
     sub-directories of 1Mb or more:
     data 4.5Mb
Flavor: r-patched-solaris-x86