CRAN Package Check Results for Package Rcatch22

Last updated on 2022-07-04 15:54:50 CEST.

Flavor Version Tinstall Tcheck Ttotal Status Flags
r-devel-linux-x86_64-debian-clang 0.2.1 23.69 38.16 61.85 OK
r-devel-linux-x86_64-debian-gcc 0.2.1 20.25 29.62 49.87 OK
r-devel-linux-x86_64-fedora-clang 0.2.1 95.59 NOTE
r-devel-linux-x86_64-fedora-gcc 0.2.1 87.85 NOTE
r-devel-windows-x86_64 0.2.1 60.00 98.00 158.00 OK
r-patched-linux-x86_64 0.2.1 20.11 36.85 56.96 OK
r-release-linux-x86_64 0.2.1 19.59 37.66 57.25 OK
r-release-macos-arm64 0.2.1 29.00 NOTE
r-release-macos-x86_64 0.2.1 40.00 NOTE
r-release-windows-x86_64 0.2.1 63.00 98.00 161.00 OK
r-oldrel-macos-arm64 0.2.1 28.00 NOTE
r-oldrel-macos-x86_64 0.2.1 48.00 NOTE
r-oldrel-windows-ix86+x86_64 0.2.1 75.00 90.00 165.00 OK

Check Details

Version: 0.2.1
Check: dependencies in R code
Result: NOTE
    Namespace in Imports field not imported from: ‘stats’
     All declared Imports should be used.
Flavors: r-devel-linux-x86_64-fedora-clang, r-devel-linux-x86_64-fedora-gcc, r-release-macos-arm64, r-release-macos-x86_64, r-oldrel-macos-arm64, r-oldrel-macos-x86_64