CRAN Package Check Results for Package RationalExp

Last updated on 2022-01-23 15:49:18 CET.

Flavor Version Tinstall Tcheck Ttotal Status Flags
r-devel-linux-x86_64-debian-clang 0.2.2 1.99 43.17 45.16 NOTE
r-devel-linux-x86_64-debian-gcc 0.2.2 1.85 36.74 38.59 NOTE
r-devel-linux-x86_64-fedora-clang 0.2.2 59.76 NOTE
r-devel-linux-x86_64-fedora-gcc 0.2.2 47.82 NOTE
r-devel-windows-x86_64-new-UL 0.2.2 30.00 80.00 110.00 NOTE
r-devel-windows-x86_64-new-TK 0.2.2 NOTE
r-patched-linux-x86_64 0.2.2 2.15 41.89 44.04 NOTE
r-release-linux-x86_64 0.2.2 2.38 42.01 44.39 NOTE
r-release-macos-arm64 0.2.2 NOTE
r-release-macos-x86_64 0.2.2 NOTE
r-release-windows-ix86+x86_64 0.2.2 7.00 62.00 69.00 NOTE
r-oldrel-macos-x86_64 0.2.2 OK
r-oldrel-windows-ix86+x86_64 0.2.2 6.00 71.00 77.00 OK

Check Details

Version: 0.2.2
Check: LazyData
Result: NOTE
     'LazyData' is specified without a 'data' directory
Flavors: r-devel-linux-x86_64-debian-clang, r-devel-linux-x86_64-debian-gcc, r-devel-linux-x86_64-fedora-clang, r-devel-linux-x86_64-fedora-gcc, r-devel-windows-x86_64-new-UL, r-devel-windows-x86_64-new-TK, r-patched-linux-x86_64, r-release-linux-x86_64, r-release-macos-arm64, r-release-macos-x86_64, r-release-windows-ix86+x86_64