CRAN Package Check Results for Package Raquifer

Last updated on 2021-10-24 15:51:14 CEST.

Flavor Version Tinstall Tcheck Ttotal Status Flags
r-devel-linux-x86_64-debian-clang 0.1.0 6.37 60.72 67.09 NOTE
r-devel-linux-x86_64-debian-gcc 0.1.0 5.12 44.53 49.65 NOTE
r-devel-linux-x86_64-fedora-clang 0.1.0 90.76 NOTE
r-devel-linux-x86_64-fedora-gcc 0.1.0 76.51 NOTE
r-devel-windows-x86_64 0.1.0 12.00 86.00 98.00 NOTE
r-devel-windows-x86_64-gcc10-UCRT 0.1.0 NOTE
r-patched-linux-x86_64 0.1.0 5.59 55.63 61.22 NOTE
r-patched-solaris-x86 0.1.0 98.50 NOTE
r-release-linux-x86_64 0.1.0 5.92 55.63 61.55 NOTE
r-release-macos-arm64 0.1.0 NOTE
r-release-macos-x86_64 0.1.0 NOTE
r-release-windows-ix86+x86_64 0.1.0 11.00 81.00 92.00 NOTE
r-oldrel-macos-x86_64 0.1.0 OK
r-oldrel-windows-ix86+x86_64 0.1.0 15.00 81.00 96.00 OK

Check Details

Version: 0.1.0
Check: LazyData
Result: NOTE
     'LazyData' is specified without a 'data' directory
Flavors: r-devel-linux-x86_64-debian-clang, r-devel-linux-x86_64-debian-gcc, r-devel-linux-x86_64-fedora-clang, r-devel-linux-x86_64-fedora-gcc, r-devel-windows-x86_64, r-devel-windows-x86_64-gcc10-UCRT, r-patched-linux-x86_64, r-patched-solaris-x86, r-release-linux-x86_64, r-release-macos-arm64, r-release-macos-x86_64, r-release-windows-ix86+x86_64