CRAN Package Check Results for Package RagGrid

Last updated on 2022-01-29 03:59:32 CET.

Flavor Version Tinstall Tcheck Ttotal Status Flags
r-devel-linux-x86_64-debian-clang 0.2.0 3.25 35.76 39.01 OK
r-devel-linux-x86_64-debian-gcc 0.2.0 2.51 27.60 30.11 OK
r-devel-linux-x86_64-fedora-clang 0.2.0 42.94 NOTE
r-devel-linux-x86_64-fedora-gcc 0.2.0 31.59 NOTE
r-devel-windows-x86_64-new-UL 0.2.0 50.00 51.00 101.00 OK
r-devel-windows-x86_64-new-TK 0.2.0 NOTE
r-patched-linux-x86_64 0.2.0 2.71 30.43 33.14 OK
r-release-linux-x86_64 0.2.0 2.67 30.31 32.98 OK
r-release-macos-arm64 0.2.0 NOTE
r-release-macos-x86_64 0.2.0 NOTE
r-release-windows-ix86+x86_64 0.2.0 6.00 39.00 45.00 OK
r-oldrel-macos-x86_64 0.2.0 NOTE
r-oldrel-windows-ix86+x86_64 0.2.0 6.00 41.00 47.00 OK

Check Details

Version: 0.2.0
Check: dependencies in R code
Result: NOTE
    Namespace in Imports field not imported from: ‘knitr’
     All declared Imports should be used.
Flavors: r-devel-linux-x86_64-fedora-clang, r-devel-linux-x86_64-fedora-gcc, r-devel-windows-x86_64-new-TK, r-release-macos-arm64, r-release-macos-x86_64, r-oldrel-macos-x86_64