CRAN Package Check Results for Package RUVIIIC

Last updated on 2021-12-08 03:58:32 CET.

Flavor Version Tinstall Tcheck Ttotal Status Flags
r-devel-linux-x86_64-debian-clang 1.0.19 184.96 98.67 283.63 OK
r-devel-linux-x86_64-debian-gcc 1.0.19 144.96 80.00 224.96 OK
r-devel-linux-x86_64-fedora-clang 1.0.19 402.73 NOTE
r-devel-linux-x86_64-fedora-gcc 1.0.19 383.00 OK
r-devel-windows-x86_64-new-UL 1.0.19 179.00 162.00 341.00 OK
r-devel-windows-x86_64-new-TK 1.0.19 OK
r-devel-windows-x86_64-old 1.0.19 203.00 136.00 339.00 OK
r-patched-linux-x86_64 1.0.19 171.15 99.41 270.56 OK
r-release-linux-x86_64 1.0.19 172.24 99.55 271.79 OK
r-release-macos-arm64 1.0.19 NOTE
r-release-macos-x86_64 1.0.19 NOTE
r-release-windows-ix86+x86_64 1.0.19 292.00 179.00 471.00 OK
r-oldrel-macos-x86_64 1.0.19 NOTE
r-oldrel-windows-ix86+x86_64 1.0.19 387.00 185.00 572.00 OK

Check Details

Version: 1.0.19
Check: installed package size
Result: NOTE
     installed size is 45.4Mb
     sub-directories of 1Mb or more:
     libs 44.7Mb
Flavors: r-devel-linux-x86_64-fedora-clang, r-release-macos-arm64, r-release-macos-x86_64, r-oldrel-macos-x86_64