CRAN Package Check Results for Package RSqlParser

Last updated on 2022-12-09 04:00:56 CET.

Flavor Version Tinstall Tcheck Ttotal Status Flags
r-devel-linux-x86_64-debian-clang 1.5 1.92 28.35 30.27 NOTE
r-devel-linux-x86_64-debian-gcc 1.5 1.78 23.02 24.80 NOTE
r-devel-linux-x86_64-fedora-clang 1.5 47.73 NOTE
r-devel-linux-x86_64-fedora-gcc 1.5 57.71 NOTE
r-devel-windows-x86_64 1.5 9.00 64.00 73.00 NOTE
r-patched-linux-x86_64 1.5 1.75 27.01 28.76 NOTE
r-release-linux-x86_64 1.5 1.53 27.47 29.00 NOTE
r-release-macos-arm64 1.5 19.00 NOTE
r-release-macos-x86_64 1.5 23.00 NOTE
r-release-windows-x86_64 1.5 9.00 67.00 76.00 NOTE
r-oldrel-macos-arm64 1.5 23.00 NOTE
r-oldrel-macos-x86_64 1.5 29.00 NOTE
r-oldrel-windows-ix86+x86_64 1.5 6.00 54.00 60.00 NOTE

Check Details

Version: 1.5
Check: LazyData
Result: NOTE
     'LazyData' is specified without a 'data' directory
Flavors: r-devel-linux-x86_64-debian-clang, r-devel-linux-x86_64-debian-gcc, r-devel-linux-x86_64-fedora-clang, r-devel-linux-x86_64-fedora-gcc, r-devel-windows-x86_64, r-patched-linux-x86_64, r-release-linux-x86_64, r-release-macos-arm64, r-release-macos-x86_64, r-release-windows-x86_64, r-oldrel-macos-arm64, r-oldrel-macos-x86_64, r-oldrel-windows-ix86+x86_64