CRAN Package Check Results for Package RSqlParser

Last updated on 2024-07-21 03:55:34 CEST.

Flavor Version Tinstall Tcheck Ttotal Status Flags
r-devel-linux-x86_64-debian-clang 1.5 2.00 29.92 31.92 NOTE
r-devel-linux-x86_64-debian-gcc 1.5 1.72 22.53 24.25 NOTE
r-devel-linux-x86_64-fedora-clang 1.5 41.39 NOTE
r-devel-linux-x86_64-fedora-gcc 1.5 54.79 NOTE
r-devel-windows-x86_64 1.5 4.00 51.00 55.00 NOTE
r-patched-linux-x86_64 1.5 2.40 28.75 31.15 NOTE
r-release-linux-x86_64 1.5 2.00 28.73 30.73 NOTE
r-release-macos-arm64 1.5 23.00 NOTE
r-release-macos-x86_64 1.5 37.00 NOTE
r-release-windows-x86_64 1.5 3.00 50.00 53.00 NOTE
r-oldrel-macos-arm64 1.5 24.00 NOTE
r-oldrel-macos-x86_64 1.5 34.00 NOTE
r-oldrel-windows-x86_64 1.5 4.00 51.00 55.00 NOTE

Check Details

Version: 1.5
Check: LazyData
Result: NOTE 'LazyData' is specified without a 'data' directory Flavors: r-devel-linux-x86_64-debian-clang, r-devel-linux-x86_64-debian-gcc, r-devel-linux-x86_64-fedora-clang, r-devel-linux-x86_64-fedora-gcc, r-devel-windows-x86_64, r-patched-linux-x86_64, r-release-linux-x86_64, r-release-macos-arm64, r-release-macos-x86_64, r-release-windows-x86_64, r-oldrel-macos-arm64, r-oldrel-macos-x86_64, r-oldrel-windows-x86_64