CRAN Package Check Results for Package RSelenium

Last updated on 2024-06-13 15:48:37 CEST.

Flavor Version Tinstall Tcheck Ttotal Status Flags
r-devel-linux-x86_64-debian-clang 1.7.9 4.82 47.66 52.48 NOTE
r-devel-linux-x86_64-debian-gcc 1.7.9 3.82 36.34 40.16 ERROR
r-devel-linux-x86_64-fedora-clang 1.7.9 67.70 NOTE
r-devel-linux-x86_64-fedora-gcc 1.7.9 76.67 NOTE
r-devel-windows-x86_64 1.7.9 5.00 59.00 64.00 NOTE
r-patched-linux-x86_64 1.7.9 4.48 46.82 51.30 NOTE
r-release-linux-x86_64 1.7.9 4.04 46.06 50.10 NOTE
r-release-macos-arm64 1.7.9 31.00 NOTE
r-release-macos-x86_64 1.7.9 47.00 NOTE
r-release-windows-x86_64 1.7.9 7.00 61.00 68.00 NOTE
r-oldrel-macos-arm64 1.7.9 35.00 OK
r-oldrel-macos-x86_64 1.7.9 48.00 OK
r-oldrel-windows-x86_64 1.7.9 7.00 62.00 69.00 OK

Check Details

Version: 1.7.9
Check: Rd files
Result: NOTE checkRd: (-1) remoteDriver-class.Rd:39-40: Lost braces 39 | browser being used; should be one of {chrome|firefox|htmlunit| | ^ checkRd: (-1) remoteDriver-class.Rd:50: Lost braces; missing escapes or markup? 50 | of {WINDOWS|XP|VISTA|MAC|LINUX|UNIX}. When requesting a new session, | ^ checkRd: (-1) remoteDriver-class.Rd:194-196: Lost braces 194 | element, available schemes: {"class name", "css selector", | ^ checkRd: (-1) webElement-class.Rd:50-52: Lost braces 50 | element, available schemes: {"class name", "css selector", | ^ checkRd: (-1) webElement-class.Rd:67-69: Lost braces 67 | element, available schemes: {"class name", "css selector", | ^ Flavors: r-devel-linux-x86_64-debian-clang, r-devel-linux-x86_64-debian-gcc, r-devel-linux-x86_64-fedora-clang, r-devel-linux-x86_64-fedora-gcc, r-devel-windows-x86_64, r-patched-linux-x86_64, r-release-linux-x86_64, r-release-macos-arm64, r-release-macos-x86_64, r-release-windows-x86_64

Version: 1.7.9
Check: package dependencies
Result: NOTE Package suggested but not available for checking: ‘testthat’ Flavor: r-devel-linux-x86_64-debian-gcc

Version: 1.7.9
Check: tests
Result: ERROR Running ‘testthat.R’ [0s/1s] Running the tests in ‘tests/testthat.R’ failed. Complete output: > library(testthat) Error in library(testthat) : there is no package called 'testthat' Execution halted Flavor: r-devel-linux-x86_64-debian-gcc