CRAN Package Check Results for Package RSelenium

Last updated on 2021-12-03 15:52:31 CET.

Flavor Version Tinstall Tcheck Ttotal Status Flags
r-devel-linux-x86_64-debian-clang 1.7.7 5.06 54.34 59.40 NOTE
r-devel-linux-x86_64-debian-gcc 1.7.7 2.91 41.78 44.69 NOTE
r-devel-linux-x86_64-fedora-clang 1.7.7 86.63 NOTE
r-devel-linux-x86_64-fedora-gcc 1.7.7 71.64 NOTE
r-devel-windows-x86_64-new-UL 1.7.7 20.00 114.00 134.00 NOTE
r-devel-windows-x86_64-new-TK 1.7.7 NOTE
r-devel-windows-x86_64-old 1.7.7 13.00 70.00 83.00 NOTE
r-patched-linux-x86_64 1.7.7 6.64 53.98 60.62 NOTE
r-release-linux-x86_64 1.7.7 6.33 53.97 60.30 NOTE
r-release-macos-arm64 1.7.7 NOTE
r-release-macos-x86_64 1.7.7 NOTE
r-release-windows-ix86+x86_64 1.7.7 15.00 91.00 106.00 NOTE
r-oldrel-macos-x86_64 1.7.7 NOTE
r-oldrel-windows-ix86+x86_64 1.7.7 16.00 83.00 99.00 NOTE

Check Details

Version: 1.7.7
Check: package dependencies
Result: NOTE
    Package suggested but not available for checking: 'Rcompression'
Flavors: r-devel-linux-x86_64-debian-clang, r-devel-linux-x86_64-debian-gcc, r-devel-linux-x86_64-fedora-clang, r-devel-linux-x86_64-fedora-gcc, r-devel-windows-x86_64-new-UL, r-devel-windows-x86_64-new-TK, r-devel-windows-x86_64-old, r-patched-linux-x86_64, r-release-linux-x86_64, r-release-macos-arm64, r-release-macos-x86_64, r-release-windows-ix86+x86_64, r-oldrel-macos-x86_64, r-oldrel-windows-ix86+x86_64

Version: 1.7.7
Check: LazyData
Result: NOTE
     'LazyData' is specified without a 'data' directory
Flavors: r-devel-linux-x86_64-debian-clang, r-devel-linux-x86_64-debian-gcc, r-devel-linux-x86_64-fedora-clang, r-devel-linux-x86_64-fedora-gcc, r-devel-windows-x86_64-new-UL, r-devel-windows-x86_64-new-TK, r-devel-windows-x86_64-old, r-patched-linux-x86_64, r-release-linux-x86_64, r-release-macos-arm64, r-release-macos-x86_64, r-release-windows-ix86+x86_64

Version: 1.7.7
Check: dependencies in R code
Result: NOTE
    Namespaces in Imports field not imported from:
     ‘binman’ ‘httr’
     All declared Imports should be used.
Flavors: r-devel-linux-x86_64-fedora-clang, r-devel-linux-x86_64-fedora-gcc, r-devel-windows-x86_64-new-TK, r-release-macos-arm64, r-release-macos-x86_64, r-oldrel-macos-x86_64