CRAN Package Check Results for Package RPtests

Last updated on 2022-01-27 15:53:47 CET.

Flavor Version Tinstall Tcheck Ttotal Status Flags
r-devel-linux-x86_64-debian-clang 0.1.5 25.34 88.09 113.43 OK
r-devel-linux-x86_64-debian-gcc 0.1.5 17.84 67.91 85.75 OK
r-devel-linux-x86_64-fedora-clang 0.1.5 143.12 NOTE
r-devel-linux-x86_64-fedora-gcc 0.1.5 125.48 OK
r-devel-windows-x86_64-new-UL 0.1.5 47.00 121.00 168.00 OK
r-devel-windows-x86_64-new-TK 0.1.5 OK
r-patched-linux-x86_64 0.1.5 23.14 80.71 103.85 OK
r-release-linux-x86_64 0.1.5 19.16 80.59 99.75 OK
r-release-macos-arm64 0.1.5 OK
r-release-macos-x86_64 0.1.5 OK
r-release-windows-ix86+x86_64 0.1.5 57.00 142.00 199.00 OK
r-oldrel-macos-x86_64 0.1.5 OK
r-oldrel-windows-ix86+x86_64 0.1.5 55.00 141.00 196.00 OK

Check Details

Version: 0.1.5
Check: Rd cross-references
Result: NOTE
    Undeclared package ‘scalreg’ in Rd xrefs
Flavor: r-devel-linux-x86_64-fedora-clang