CRAN Package Check Results for Package RNeXML

Last updated on 2021-10-22 03:55:36 CEST.

Flavor Version Tinstall Tcheck Ttotal Status Flags
r-devel-linux-x86_64-debian-clang 2.4.5 18.16 177.14 195.30 OK
r-devel-linux-x86_64-debian-gcc 2.4.5 14.62 128.99 143.61 OK
r-devel-linux-x86_64-fedora-clang 2.4.5 260.95 OK
r-devel-linux-x86_64-fedora-gcc 2.4.5 238.74 OK
r-devel-windows-x86_64 2.4.5 35.00 231.00 266.00 OK
r-devel-windows-x86_64-gcc10-UCRT 2.4.5 ERROR
r-patched-linux-x86_64 2.4.5 16.63 168.05 184.68 OK
r-patched-solaris-x86 2.4.5 292.00 OK
r-release-linux-x86_64 2.4.5 14.34 168.51 182.85 OK
r-release-macos-arm64 2.4.5 OK
r-release-macos-x86_64 2.4.5 OK
r-release-windows-ix86+x86_64 2.4.5 28.00 209.00 237.00 OK
r-oldrel-macos-x86_64 2.4.5 OK
r-oldrel-windows-ix86+x86_64 2.4.5 42.00 228.00 270.00 OK

Check Details

Version: 2.4.5
Check: package dependencies
Result: NOTE
    Packages suggested but not available for checking: 'geiger', 'phytools'
Flavor: r-devel-windows-x86_64-gcc10-UCRT

Version: 2.4.5
Check: examples
Result: ERROR
    Running examples in 'RNeXML-Ex.R' failed
    The error most likely occurred in:
    
    > ### Name: add_characters
    > ### Title: Add character data to a nexml object
    > ### Aliases: add_characters
    >
    > ### ** Examples
    >
    > library("geiger")
    Error in library("geiger") : there is no package called 'geiger'
    Execution halted
Flavor: r-devel-windows-x86_64-gcc10-UCRT