CRAN Package Check Results for Package RNGforGPD

Last updated on 2022-01-28 15:53:24 CET.

Flavor Version Tinstall Tcheck Ttotal Status Flags
r-devel-linux-x86_64-debian-clang 1.1.0 8.66 104.85 113.51 NOTE
r-devel-linux-x86_64-debian-gcc 1.1.0 6.46 80.81 87.27 NOTE
r-devel-linux-x86_64-fedora-clang 1.1.0 130.91 NOTE
r-devel-linux-x86_64-fedora-gcc 1.1.0 133.37 NOTE
r-devel-windows-x86_64-new-UL 1.1.0 35.00 117.00 152.00 NOTE
r-devel-windows-x86_64-new-TK 1.1.0 NOTE
r-patched-linux-x86_64 1.1.0 5.28 103.20 108.48 NOTE
r-release-linux-x86_64 1.1.0 8.16 103.34 111.50 NOTE
r-release-macos-arm64 1.1.0 NOTE
r-release-macos-x86_64 1.1.0 NOTE
r-release-windows-ix86+x86_64 1.1.0 17.00 123.00 140.00 NOTE
r-oldrel-macos-x86_64 1.1.0 OK
r-oldrel-windows-ix86+x86_64 1.1.0 17.00 120.00 137.00 OK

Check Details

Version: 1.1.0
Check: LazyData
Result: NOTE
     'LazyData' is specified without a 'data' directory
Flavors: r-devel-linux-x86_64-debian-clang, r-devel-linux-x86_64-debian-gcc, r-devel-linux-x86_64-fedora-clang, r-devel-linux-x86_64-fedora-gcc, r-devel-windows-x86_64-new-UL, r-devel-windows-x86_64-new-TK, r-patched-linux-x86_64, r-release-linux-x86_64, r-release-macos-arm64, r-release-macos-x86_64, r-release-windows-ix86+x86_64