CRAN Package Check Results for Package RMySQL

Last updated on 2021-12-06 03:53:10 CET.

Flavor Version Tinstall Tcheck Ttotal Status Flags
r-devel-linux-x86_64-debian-clang 0.10.22 8.34 41.70 50.04 OK
r-devel-linux-x86_64-debian-gcc 0.10.22 6.26 33.79 40.05 OK
r-devel-linux-x86_64-fedora-clang 0.10.22 63.14 OK
r-devel-linux-x86_64-fedora-gcc 0.10.22 52.79 OK
r-devel-windows-x86_64-new-UL 0.10.22 34.00 188.00 222.00 OK
r-devel-windows-x86_64-new-TK 0.10.22 OK
r-devel-windows-x86_64-old 0.10.22 22.00 90.00 112.00 OK
r-patched-linux-x86_64 0.10.22 8.58 32.83 41.41 OK
r-release-linux-x86_64 0.10.22 7.67 41.29 48.96 OK
r-release-macos-arm64 0.10.22 OK
r-release-macos-x86_64 0.10.22 OK
r-release-windows-ix86+x86_64 0.10.22 31.00 162.00 193.00 NOTE
r-oldrel-macos-x86_64 0.10.22 OK
r-oldrel-windows-ix86+x86_64 0.10.22 45.00 166.00 211.00 NOTE

Check Details

Version: 0.10.22
Check: installed package size
Result: NOTE
     installed size is 6.6Mb
     sub-directories of 1Mb or more:
     libs 6.3Mb
Flavors: r-release-windows-ix86+x86_64, r-oldrel-windows-ix86+x86_64