CRAN Package Check Results for Package RMixtCompUtilities

Last updated on 2024-07-23 15:48:20 CEST.

Flavor Version Tinstall Tcheck Ttotal Status Flags
r-devel-linux-x86_64-debian-clang 4.1.6 10.46 83.66 94.12 NOTE
r-devel-linux-x86_64-debian-gcc 4.1.6 7.07 61.46 68.53 NOTE
r-devel-linux-x86_64-fedora-clang 4.1.6 119.68 NOTE
r-devel-linux-x86_64-fedora-gcc 4.1.6 116.08 NOTE
r-devel-windows-x86_64 4.1.6 10.00 90.00 100.00 NOTE
r-patched-linux-x86_64 4.1.6 8.82 79.84 88.66 NOTE
r-release-linux-x86_64 4.1.6 6.30 79.60 85.90 NOTE
r-release-macos-arm64 4.1.6 35.00 NOTE
r-release-macos-x86_64 4.1.6 131.00 NOTE
r-release-windows-x86_64 4.1.6 10.00 90.00 100.00 NOTE
r-oldrel-macos-arm64 4.1.6 35.00 OK
r-oldrel-macos-x86_64 4.1.6 82.00 OK
r-oldrel-windows-x86_64 4.1.6 12.00 106.00 118.00 OK

Check Details

Version: 4.1.6
Check: Rd files
Result: NOTE checkRd: (-1) histMisclassif.Rd:22: Lost braces 22 | err_i = 1 - max_{k={1,\ldots,K}} P(Z_i=k|x_i) | ^ checkRd: (-1) histMisclassif.Rd:22: Lost braces 22 | err_i = 1 - max_{k={1,\ldots,K}} P(Z_i=k|x_i) | ^ Flavors: r-devel-linux-x86_64-debian-clang, r-devel-linux-x86_64-debian-gcc, r-devel-linux-x86_64-fedora-clang, r-devel-linux-x86_64-fedora-gcc, r-devel-windows-x86_64, r-patched-linux-x86_64, r-release-linux-x86_64, r-release-macos-arm64, r-release-macos-x86_64, r-release-windows-x86_64