CRAN Package Check Results for Package RLumShiny

Last updated on 2022-01-27 04:05:34 CET.

Flavor Version Tinstall Tcheck Ttotal Status Flags
r-devel-linux-x86_64-debian-clang 0.2.2 5.66 57.46 63.12 OK
r-devel-linux-x86_64-debian-gcc 0.2.2 4.28 43.04 47.32 OK
r-devel-linux-x86_64-fedora-clang 0.2.2 75.47 NOTE
r-devel-linux-x86_64-fedora-gcc 0.2.2 62.19 NOTE
r-devel-windows-x86_64-new-UL 0.2.2 134.00 78.00 212.00 OK
r-devel-windows-x86_64-new-TK 0.2.2 NOTE
r-patched-linux-x86_64 0.2.2 9.60 52.59 62.19 OK
r-release-linux-x86_64 0.2.2 5.31 52.08 57.39 OK
r-release-macos-arm64 0.2.2 NOTE
r-release-macos-x86_64 0.2.2 NOTE
r-release-windows-ix86+x86_64 0.2.2 15.00 69.00 84.00 OK
r-oldrel-macos-x86_64 0.2.2 NOTE
r-oldrel-windows-ix86+x86_64 0.2.2 15.00 67.00 82.00 OK

Check Details

Version: 0.2.2
Check: dependencies in R code
Result: NOTE
    Namespaces in Imports field not imported from:
     ‘RCarb’ ‘rmarkdown’ ‘shinyjs’
     All declared Imports should be used.
Flavors: r-devel-linux-x86_64-fedora-clang, r-devel-linux-x86_64-fedora-gcc, r-devel-windows-x86_64-new-TK, r-release-macos-arm64, r-release-macos-x86_64, r-oldrel-macos-x86_64