CRAN Package Check Results for Package RLumShiny

Last updated on 2024-07-18 03:56:45 CEST.

Flavor Version Tinstall Tcheck Ttotal Status Flags
r-devel-linux-x86_64-debian-clang 0.2.3 4.99 54.02 59.01 OK
r-devel-linux-x86_64-debian-gcc 0.2.3 5.27 40.30 45.57 OK
r-devel-linux-x86_64-fedora-clang 0.2.3 76.90 OK
r-devel-linux-x86_64-fedora-gcc 0.2.3 68.89 OK
r-devel-windows-x86_64 0.2.3 9.00 61.00 70.00 NOTE
r-patched-linux-x86_64 0.2.3 13.03 51.15 64.18 OK
r-release-linux-x86_64 0.2.3 4.40 50.01 54.41 OK
r-release-macos-arm64 0.2.3 26.00 OK
r-release-macos-x86_64 0.2.3 38.00 OK
r-release-windows-x86_64 0.2.3 9.00 59.00 68.00 OK
r-oldrel-macos-arm64 0.2.3 26.00 OK
r-oldrel-macos-x86_64 0.2.3 40.00 OK
r-oldrel-windows-x86_64 0.2.3 9.00 67.00 76.00 OK

Check Details

Version: 0.2.3
Check: Rd cross-references
Result: NOTE Found the following Rd file(s) with Rd \link{} targets missing package anchors: app_RLum.Rd: runApp, plot_AbanicoPlot, plot_Histogram, plot_KDE, plot_RadialPlot, plot_DRTResults, calc_CosmicDoseRate, CW2pHMi, CW2pLM, CW2pLMi, CW2pPMi, plot_FilterCombinations, calc_FastRatio, analyse_FadingMeasurement, calc_FadingCorr, plot_RLum jscolorInput.Rd: animationOptions, sliderInput, checkboxGroupInput, checkboxInput, dateInput, dateRangeInput, fileInput, numericInput, passwordInput, radioButtons, selectInput, selectizeInput, submitButton, textInput Please provide package anchors for all Rd \link{} targets not in the package itself and the base packages. Flavor: r-devel-windows-x86_64