CRAN Package Check Results for Package RJcluster

Last updated on 2024-02-23 15:52:27 CET.

Flavor Version Tinstall Tcheck Ttotal Status Flags
r-devel-linux-x86_64-debian-clang 3.2.4 NOTE
r-devel-linux-x86_64-debian-gcc 3.2.4 94.30 45.62 139.92 NOTE
r-devel-linux-x86_64-fedora-clang 3.2.4 290.67 NOTE
r-devel-linux-x86_64-fedora-gcc 3.2.4 281.40 NOTE
r-devel-windows-x86_64 3.2.4 94.00 89.00 183.00 NOTE
r-patched-linux-x86_64 3.2.4 98.49 58.54 157.03 NOTE
r-release-linux-x86_64 3.2.4 91.06 58.75 149.81 NOTE
r-release-macos-arm64 3.2.4 74.00 NOTE
r-release-macos-x86_64 3.2.4 110.00 NOTE
r-release-windows-x86_64 3.2.4 121.00 106.00 227.00 NOTE
r-oldrel-macos-arm64 3.2.4 56.00 OK
r-oldrel-windows-x86_64 3.2.4 119.00 100.00 219.00 OK

Check Details

Version: 3.2.4
Check: C++ specification
Result: NOTE Specified C++11: please drop specification unless essential Flavors: r-devel-linux-x86_64-debian-clang, r-devel-linux-x86_64-debian-gcc, r-devel-linux-x86_64-fedora-clang, r-devel-linux-x86_64-fedora-gcc, r-devel-windows-x86_64, r-patched-linux-x86_64, r-release-linux-x86_64, r-release-macos-arm64, r-release-macos-x86_64, r-release-windows-x86_64