Last updated on 2023-01-31 03:00:56 CET.
Flavor | Version | Tinstall | Tcheck | Ttotal | Status | Flags |
---|---|---|---|---|---|---|
r-devel-linux-x86_64-debian-clang | 3.2.4 | 135.65 | 54.83 | 190.48 | OK | |
r-devel-linux-x86_64-debian-gcc | 3.2.4 | 89.33 | 41.26 | 130.59 | NOTE | |
r-devel-linux-x86_64-fedora-clang | 3.2.4 | 267.67 | NOTE | |||
r-devel-linux-x86_64-fedora-gcc | 3.2.4 | 244.80 | NOTE | |||
r-devel-windows-x86_64 | 3.2.4 | 100.00 | 108.00 | 208.00 | NOTE | |
r-patched-linux-x86_64 | 3.2.4 | 88.28 | 52.22 | 140.50 | OK | |
r-release-linux-x86_64 | 3.2.4 | 84.01 | 52.44 | 136.45 | OK | |
r-release-macos-arm64 | 3.2.4 | 56.00 | OK | |||
r-release-macos-x86_64 | 3.2.4 | 78.00 | OK | |||
r-release-windows-x86_64 | 3.2.4 | 108.00 | 113.00 | 221.00 | OK | |
r-oldrel-macos-arm64 | 3.2.4 | 53.00 | NOTE | |||
r-oldrel-macos-x86_64 | 3.2.4 | 72.00 | OK | |||
r-oldrel-windows-ix86+x86_64 | 3.2.4 | 296.00 | 120.00 | 416.00 | OK |
Version: 3.2.4
Check: C++ specification
Result: NOTE
Specified C++11: please update to current default of C++17
Flavors: r-devel-linux-x86_64-debian-gcc, r-devel-linux-x86_64-fedora-clang, r-devel-linux-x86_64-fedora-gcc, r-devel-windows-x86_64
Version: 3.2.4
Check: installed package size
Result: NOTE
installed size is 5.3Mb
sub-directories of 1Mb or more:
libs 5.0Mb
Flavor: r-oldrel-macos-arm64