CRAN Package Check Results for Package RJDBC

Last updated on 2024-04-23 03:56:58 CEST.

Flavor Version Tinstall Tcheck Ttotal Status Flags
r-devel-linux-x86_64-debian-clang 0.2-10 5.32 46.32 51.64 NOTE
r-devel-linux-x86_64-debian-gcc 0.2-10 5.25 34.99 40.24 NOTE
r-devel-linux-x86_64-fedora-clang 0.2-10 65.79 NOTE
r-devel-linux-x86_64-fedora-gcc 0.2-10 62.11 NOTE
r-prerel-macos-arm64 0.2-10 22.00 NOTE
r-prerel-windows-x86_64 0.2-10 5.00 57.00 62.00 OK
r-patched-linux-x86_64 0.2-10 5.18 44.48 49.66 NOTE
r-release-linux-x86_64 0.2-10 4.83 44.48 49.31 OK
r-release-macos-arm64 0.2-10 23.00 OK
r-release-macos-x86_64 0.2-10 33.00 OK
r-release-windows-x86_64 0.2-10 6.00 61.00 67.00 OK
r-oldrel-macos-arm64 0.2-10 22.00 OK
r-oldrel-windows-x86_64 0.2-10 10.00 68.00 78.00 OK

Check Details

Version: 0.2-10
Check: DESCRIPTION meta-information
Result: NOTE License stub is invalid DCF. Flavors: r-devel-linux-x86_64-debian-clang, r-devel-linux-x86_64-debian-gcc, r-prerel-macos-arm64, r-patched-linux-x86_64

Version: 0.2-10
Check: DESCRIPTION meta-information
Result: NOTE Licence stub is invalid DCF. Flavors: r-devel-linux-x86_64-fedora-clang, r-devel-linux-x86_64-fedora-gcc