CRAN Package Check Results for Package RItools

Last updated on 2024-07-20 03:49:13 CEST.

Flavor Version Tinstall Tcheck Ttotal Status Flags
r-devel-linux-x86_64-debian-clang 0.3-4 15.63 169.63 185.26 OK
r-devel-linux-x86_64-debian-gcc 0.3-4 11.10 123.91 135.01 OK
r-devel-linux-x86_64-fedora-clang 0.3-4 247.31 OK
r-devel-linux-x86_64-fedora-gcc 0.3-4 226.82 OK
r-devel-windows-x86_64 0.3-4 15.00 131.00 146.00 NOTE
r-patched-linux-x86_64 0.3-4 18.70 159.93 178.63 OK
r-release-linux-x86_64 0.3-4 9.97 161.61 171.58 OK
r-release-macos-arm64 0.3-4 56.00 OK
r-release-macos-x86_64 0.3-4 129.00 OK
r-release-windows-x86_64 0.3-4 12.00 130.00 142.00 OK
r-oldrel-macos-arm64 0.3-4 63.00 OK
r-oldrel-macos-x86_64 0.3-4 123.00 OK
r-oldrel-windows-x86_64 0.3-4 16.00 167.00 183.00 OK

Check Details

Version: 0.3-4
Check: Rd cross-references
Result: NOTE Found the following Rd file(s) with Rd \link{} targets missing package anchors: plot.balancetest.Rd: ggplot, scale_color_manual Please provide package anchors for all Rd \link{} targets not in the package itself and the base packages. Flavor: r-devel-windows-x86_64