CRAN Package Check Results for Package RImageJROI

Last updated on 2022-01-28 15:53:24 CET.

Flavor Version Tinstall Tcheck Ttotal Status Flags
r-devel-linux-x86_64-debian-clang 0.1.2 6.70 90.00 96.70 NOTE
r-devel-linux-x86_64-debian-gcc 0.1.2 8.00 68.21 76.21 NOTE
r-devel-linux-x86_64-fedora-clang 0.1.2 114.11 NOTE
r-devel-linux-x86_64-fedora-gcc 0.1.2 106.72 NOTE
r-devel-windows-x86_64-new-UL 0.1.2 39.00 104.00 143.00 NOTE
r-devel-windows-x86_64-new-TK 0.1.2 NOTE
r-patched-linux-x86_64 0.1.2 13.77 79.74 93.51 NOTE
r-release-linux-x86_64 0.1.2 5.97 79.53 85.50 NOTE
r-release-macos-arm64 0.1.2 NOTE
r-release-macos-x86_64 0.1.2 NOTE
r-release-windows-ix86+x86_64 0.1.2 19.00 93.00 112.00 NOTE
r-oldrel-macos-x86_64 0.1.2 OK
r-oldrel-windows-ix86+x86_64 0.1.2 23.00 101.00 124.00 OK

Check Details

Version: 0.1.2
Check: LazyData
Result: NOTE
     'LazyData' is specified without a 'data' directory
Flavors: r-devel-linux-x86_64-debian-clang, r-devel-linux-x86_64-debian-gcc, r-devel-linux-x86_64-fedora-clang, r-devel-linux-x86_64-fedora-gcc, r-devel-windows-x86_64-new-UL, r-devel-windows-x86_64-new-TK, r-patched-linux-x86_64, r-release-linux-x86_64, r-release-macos-arm64, r-release-macos-x86_64, r-release-windows-ix86+x86_64