CRAN Package Check Results for Package RISmed

Last updated on 2022-01-28 04:01:00 CET.

Flavor Version Tinstall Tcheck Ttotal Status Flags
r-devel-linux-x86_64-debian-clang 2.3.0 7.83 49.51 57.34 OK
r-devel-linux-x86_64-debian-gcc 2.3.0 6.51 39.10 45.61 OK
r-devel-linux-x86_64-fedora-clang 2.3.0 72.56 NOTE
r-devel-linux-x86_64-fedora-gcc 2.3.0 60.06 NOTE
r-devel-windows-x86_64-new-UL 2.3.0 186.00 82.00 268.00 OK
r-devel-windows-x86_64-new-TK 2.3.0 NOTE
r-patched-linux-x86_64 2.3.0 8.16 48.13 56.29 OK
r-release-linux-x86_64 2.3.0 5.97 47.89 53.86 OK
r-release-macos-arm64 2.3.0 NOTE
r-release-macos-x86_64 2.3.0 NOTE
r-release-windows-ix86+x86_64 2.3.0 17.00 66.00 83.00 OK
r-oldrel-macos-x86_64 2.3.0 NOTE
r-oldrel-windows-ix86+x86_64 2.3.0 16.00 65.00 81.00 OK

Check Details

Version: 2.3.0
Check: dependencies in R code
Result: NOTE
    Namespace in Imports field not imported from: ‘httr’
     All declared Imports should be used.
Flavors: r-devel-linux-x86_64-fedora-clang, r-devel-linux-x86_64-fedora-gcc, r-devel-windows-x86_64-new-TK, r-release-macos-arm64, r-release-macos-x86_64, r-oldrel-macos-x86_64

Version: 2.3.0
Check: data for non-ASCII characters
Result: NOTE
     Note: found 243 marked UTF-8 strings
Flavors: r-devel-linux-x86_64-fedora-clang, r-devel-linux-x86_64-fedora-gcc, r-devel-windows-x86_64-new-TK, r-release-macos-arm64, r-release-macos-x86_64, r-oldrel-macos-x86_64