CRAN Package Check Results for Package RGF

Last updated on 2024-07-23 03:57:35 CEST.

Flavor Version Tinstall Tcheck Ttotal Status Flags
r-devel-linux-x86_64-debian-clang 1.1.1 13.90 115.54 129.44 OK
r-devel-linux-x86_64-debian-gcc 1.1.1 9.12 85.59 94.71 OK
r-devel-linux-x86_64-fedora-clang 1.1.1 157.81 OK
r-devel-linux-x86_64-fedora-gcc 1.1.1 175.78 OK
r-devel-windows-x86_64 1.1.1 39.00 349.00 388.00 OK
r-patched-linux-x86_64 1.1.1 12.91 106.66 119.57 OK
r-release-linux-x86_64 1.1.1 12.85 109.72 122.57 OK
r-release-macos-arm64 1.1.1 53.00 OK
r-release-macos-x86_64 1.1.1 76.00 OK
r-release-windows-x86_64 1.1.1 39.00 362.00 401.00 OK
r-oldrel-macos-arm64 1.1.1 54.00 NOTE
r-oldrel-macos-x86_64 1.1.1 82.00 OK
r-oldrel-windows-x86_64 1.1.1 29.00 245.00 274.00 OK

Check Details

Version: 1.1.1
Check: whether the namespace can be loaded with stated dependencies
Result: NOTE Warning in py_initialize(config$python, config$libpython, config$pythonhome, : Python 2 reached EOL on January 1, 2020. Python 2 compatability be removed in an upcoming reticulate release. A namespace must be able to be loaded with just the base namespace loaded: otherwise if the namespace gets loaded by a saved object, the session will be unable to start. Probably some imports need to be declared in the NAMESPACE file. Flavor: r-oldrel-macos-arm64