CRAN Package Check Results for Package RColetum

Last updated on 2022-01-22 15:52:22 CET.

Flavor Version Tinstall Tcheck Ttotal Status Flags
r-devel-linux-x86_64-debian-clang 0.2.1 2.64 414.44 417.08 NOTE
r-devel-linux-x86_64-debian-gcc 0.2.1 2.07 433.19 435.26 NOTE
r-devel-linux-x86_64-fedora-clang 0.2.1 503.37 NOTE
r-devel-linux-x86_64-fedora-gcc 0.2.1 498.34 NOTE
r-devel-windows-x86_64-new-UL 0.2.1 16.00 604.00 620.00 NOTE
r-devel-windows-x86_64-new-TK 0.2.1 NOTE
r-patched-linux-x86_64 0.2.1 3.02 413.45 416.47 NOTE
r-release-linux-x86_64 0.2.1 2.32 414.67 416.99 NOTE
r-release-macos-arm64 0.2.1 NOTE
r-release-macos-x86_64 0.2.1 NOTE
r-release-windows-ix86+x86_64 0.2.1 6.00 478.00 484.00 NOTE
r-oldrel-macos-x86_64 0.2.1 OK
r-oldrel-windows-ix86+x86_64 0.2.1 5.00 482.00 487.00 OK

Check Details

Version: 0.2.1
Check: LazyData
Result: NOTE
     'LazyData' is specified without a 'data' directory
Flavors: r-devel-linux-x86_64-debian-clang, r-devel-linux-x86_64-debian-gcc, r-devel-linux-x86_64-fedora-clang, r-devel-linux-x86_64-fedora-gcc, r-devel-windows-x86_64-new-UL, r-devel-windows-x86_64-new-TK, r-patched-linux-x86_64, r-release-linux-x86_64, r-release-macos-arm64, r-release-macos-x86_64, r-release-windows-ix86+x86_64