CRAN Package Check Results for Package RCGLS

Last updated on 2021-12-08 03:58:30 CET.

Flavor Version Tinstall Tcheck Ttotal Status Flags
r-devel-linux-x86_64-debian-clang 1.0.3 22.90 218.86 241.76 NOTE
r-devel-linux-x86_64-debian-gcc 1.0.3 18.17 164.99 183.16 NOTE
r-devel-linux-x86_64-fedora-clang 1.0.3 301.08 NOTE
r-devel-linux-x86_64-fedora-gcc 1.0.3 294.69 NOTE
r-devel-windows-x86_64-new-UL 1.0.3 35.00 236.00 271.00 NOTE
r-devel-windows-x86_64-new-TK 1.0.3 NOTE
r-devel-windows-x86_64-old 1.0.3 35.00 248.00 283.00 NOTE
r-patched-linux-x86_64 1.0.3 22.84 215.28 238.12 NOTE
r-release-linux-x86_64 1.0.3 18.60 214.88 233.48 NOTE
r-release-macos-arm64 1.0.3 NOTE
r-release-macos-x86_64 1.0.3 NOTE
r-release-windows-ix86+x86_64 1.0.3 37.00 234.00 271.00 NOTE
r-oldrel-macos-x86_64 1.0.3 OK
r-oldrel-windows-ix86+x86_64 1.0.3 56.00 215.00 271.00 OK

Check Details

Version: 1.0.3
Check: LazyData
Result: NOTE
     'LazyData' is specified without a 'data' directory
Flavors: r-devel-linux-x86_64-debian-clang, r-devel-linux-x86_64-debian-gcc, r-devel-linux-x86_64-fedora-clang, r-devel-linux-x86_64-fedora-gcc, r-devel-windows-x86_64-new-UL, r-devel-windows-x86_64-new-TK, r-devel-windows-x86_64-old, r-patched-linux-x86_64, r-release-linux-x86_64, r-release-macos-arm64, r-release-macos-x86_64, r-release-windows-ix86+x86_64