CRAN Package Check Results for Package RBaseX

Last updated on 2022-10-07 15:53:06 CEST.

Flavor Version Tinstall Tcheck Ttotal Status Flags
r-devel-linux-x86_64-debian-clang 1.1.1 11.37 65.82 77.19 OK
r-devel-linux-x86_64-debian-gcc 1.1.1 8.16 48.58 56.74 OK
r-devel-linux-x86_64-fedora-clang 1.1.1 108.85 NOTE
r-devel-linux-x86_64-fedora-gcc 1.1.1 96.19 NOTE
r-devel-windows-x86_64 1.1.1 30.00 118.00 148.00 OK
r-patched-linux-x86_64 1.1.1 7.11 61.12 68.23 OK
r-release-linux-x86_64 1.1.1 7.19 60.17 67.36 OK
r-release-macos-arm64 1.1.1 27.00 NOTE
r-release-macos-x86_64 1.1.1 52.00 NOTE
r-release-windows-x86_64 1.1.1 33.00 111.00 144.00 OK
r-oldrel-macos-arm64 1.1.1 23.00 NOTE
r-oldrel-macos-x86_64 1.1.1 38.00 NOTE
r-oldrel-windows-ix86+x86_64 1.1.1 21.00 106.00 127.00 OK

Check Details

Version: 1.1.1
Check: dependencies in R code
Result: NOTE
    Namespace in Imports field not imported from: ‘rex’
     All declared Imports should be used.
Flavors: r-devel-linux-x86_64-fedora-clang, r-devel-linux-x86_64-fedora-gcc, r-release-macos-arm64, r-release-macos-x86_64, r-oldrel-macos-arm64, r-oldrel-macos-x86_64