CRAN Package Check Results for Package RAM

Last updated on 2021-10-24 15:51:14 CEST.

Flavor Version Tinstall Tcheck Ttotal Status Flags
r-devel-linux-x86_64-debian-clang 1.2.1.7 24.60 211.89 236.49 OK
r-devel-linux-x86_64-debian-gcc 1.2.1.7 20.33 153.60 173.93 OK
r-devel-linux-x86_64-fedora-clang 1.2.1.7 304.77 OK
r-devel-linux-x86_64-fedora-gcc 1.2.1.7 274.22 OK
r-devel-windows-x86_64 1.2.1.7 37.00 260.00 297.00 OK
r-devel-windows-x86_64-gcc10-UCRT 1.2.1.7 OK
r-patched-linux-x86_64 1.2.1.7 31.35 198.56 229.91 OK
r-patched-solaris-x86 1.2.1.7 382.60 OK
r-release-linux-x86_64 1.2.1.7 21.97 198.62 220.59 OK
r-release-macos-arm64 1.2.1.7 NOTE
r-release-macos-x86_64 1.2.1.7 NOTE
r-release-windows-ix86+x86_64 1.2.1.7 32.00 259.00 291.00 OK
r-oldrel-macos-x86_64 1.2.1.7 NOTE
r-oldrel-windows-ix86+x86_64 1.2.1.7 52.00 263.00 315.00 OK

Check Details

Version: 1.2.1.7
Check: package dependencies
Result: NOTE
    Package suggested but not available for checking: ‘Heatplus’
Flavors: r-release-macos-arm64, r-release-macos-x86_64, r-oldrel-macos-x86_64

Version: 1.2.1.7
Check: Rd cross-references
Result: NOTE
    Package unavailable to check Rd xrefs: ‘Heatplus’
Flavors: r-release-macos-arm64, r-release-macos-x86_64, r-oldrel-macos-x86_64